I/Adreno200-EGL(  771): <qeglDrvAPI_eglInitialize:294>: EGL 1.4 QUALCOMM build: AU_LINUX_ANDROID_JB.04.01.01.00.036_msm8960_JB_CL2644550_release_AU (CL2644550)
I/Adreno200-EGL(  771): Build Date: 07/31/12 Tue
I/Adreno200-EGL(  771): Local Branch: 
I/Adreno200-EGL(  771): Remote Branch: quic/master
I/Adreno200-EGL(  771): Local Patches: NONE
I/Adreno200-EGL(  771): Reconstruct Branch: AU_LINUX_ANDROID_JB.04.01.01.00.036 +  NOTHING
I/ActivityManager(  455): Timeline: Activity_windows_visible id: ActivityRecord{64fc4f20 u0 com.teslacoilsw.launcher/com.android.launcher2.Launcher t1} time:1847931
I/ActivityManager(  771): Timeline: Activity_idle id: android.os.BinderProxy@649097c0 time:1848373
I/ActivityManager(  455): Killing 12449:com.android.deskclock/u0a33 (adj 11): empty #2
I/ActivityManager(  455): Delay finish: com.xiam.snapdragon.app/com.xiam.consia.client.receivers.CaptureEventServiceReceiver
I/ActivityManager(  455): Resuming delayed broadcast
I/art     ( 2231): Heap trim of managed (duration=3.051758ms, advised=240KB) and native (duration=5.371094ms, advised=176KB) heaps. Managed heap utilization of 43%.
V/PanelView(  535): animationTick called with dtms=0; nothing to do (h=170.64413 v=820.6358)
V/PanelView(  535): animationTick called with dtms=-10; nothing to do (h=170.64413 v=820.6358)
D/SizeAdaptiveLayout(  535): com.android.internal.widget.SizeAdaptiveLayout{64c0e028 V.E..... ........ 0,0-480,88 #7f07005e app:id/adaptive}child view android.widget.LinearLayout{64c59188 G.E..... ......ID 0,0-480,88} measured out of bounds at 88px clamped to 89px
D/SizeAdaptiveLayout(  535): com.android.internal.widget.SizeAdaptiveLayout{64c0e028 V.E..... ......ID 0,0-480,89 #7f07005e app:id/adaptive}child view android.widget.LinearLayout{64c59188 V.E..... ........ 0,0-480,88} measured out of bounds at 88px clamped to 89px
D/SizeAdaptiveLayout(  535): com.android.internal.widget.SizeAdaptiveLayout{64c0e028 V.E..... ......ID 0,0-480,89 #7f07005e app:id/adaptive}child view android.widget.LinearLayout{64c59188 V.E..... ........ 0,0-480,88} measured out of bounds at 88px clamped to 89px
D/SizeAdaptiveLayout(  535): com.android.internal.widget.SizeAdaptiveLayout{64c0e028 V.E..... ......ID 0,0-480,89 #7f07005e app:id/adaptive}child view android.widget.LinearLayout{64c59188 V.E..... ........ 0,0-480,88} measured out of bounds at 88px clamped to 89px
D/SizeAdaptiveLayout(  535): com.android.internal.widget.SizeAdaptiveLayout{64c0e028 V.E..... ......ID 0,0-480,89 #7f07005e app:id/adaptive}child view android.widget.LinearLayout{64c59188 V.E..... ........ 0,0-480,88} measured out of bounds at 88px clamped to 89px
D/WifiService(  455): setWifiEnabled: false pid=535, uid=10015
D/CommandListener(   82): Clearing all IP addresses on wlan0
D/AK8973  (   91): Compass Start
D/ConnectivityService(  455): ConnectivityChange for WIFI: DISCONNECTED/DISCONNECTED
D/ConnectivityService(  455): tryFailover: set mActiveDefaultNetwork=-1, prevNetType=1
E/WifiStateMachine(  455): Unexpected BatchedScanResults :OK
D/CommandListener(   82): Clearing all IP addresses on wlan0
D/ConnectivityService(  455): Attempting to switch to mobile
D/ConnectivityService(  455): Attempting to switch to BLUETOOTH_TETHER
D/NetUtils(  455): android_net_utils_resetConnections in env=0x2a254cd0 clazz=0x4995096c iface=wlan0 mask=0x3
D/ConnectivityService(  455): resetConnections(wlan0, 3)
D/Nat464Xlat(  455): requiresClat: netType=1, hasIPv4Address=false
I/ActivityManager(  455): Delay finish: com.xiam.snapdragon.app/com.xiam.consia.battery.app.receivers.WifiServiceReceiver
I/wpa_supplicant(  592): wlan0: CTRL-EVENT-DISCONNECTED bssid=c8:3a:35:2a:09:08 reason=3 locally_generated=1
D/MobileDataStateTracker(  455): default: setPolicyDataEnable(enabled=true)
D/MobileDataStateTracker(  455): dun: Broadcast received: android.intent.action.ANY_DATA_STATE apnType=dun
D/MobileDataStateTracker(  455): dun: Received state=DISCONNECTED, old=DISCONNECTED, reason=dataEnabled
D/MobileDataStateTracker(  455): supl: Broadcast received: android.intent.action.ANY_DATA_STATE apnType=supl
I/wpa_supplicant(  592): wlan0: CTRL-EVENT-TERMINATING 
D/MobileDataStateTracker(  455): supl: Received state=DISCONNECTED, old=DISCONNECTED, reason=dataEnabled
D/MobileDataStateTracker(  455): hipri: Broadcast received: android.intent.action.ANY_DATA_STATE apnType=hipri
D/MobileDataStateTracker(  455): hipri: Received state=DISCONNECTED, old=DISCONNECTED, reason=dataEnabled
D/MobileDataStateTracker(  455): mms: Broadcast received: android.intent.action.ANY_DATA_STATE apnType=mms
D/MobileDataStateTracker(  455): mms: Received state=DISCONNECTED, old=DISCONNECTED, reason=dataEnabled
W/Settings(  889): Setting airplane_mode_on has moved from android.provider.Settings.System to android.provider.Settings.Global, returning read-only value.
W/Netd    (   82): No subsystem found in netlink event
D/NetlinkEvent(   82): Unexpected netlink message. type=0x11
I/ActivityManager(  455): Resuming delayed broadcast
V/PanelView(  535): animationTick called with dtms=0; nothing to do (h=767.0 v=-2750.0)
W/InputMethodManagerService(  455): Window already focused, ignoring focus gain of: com.android.internal.view.IInputMethodClient$Stub$Proxy@64f0d3e0 attribute=null, token = android.os.BinderProxy@650d0a58
I/art     (  535): Heap trim of managed (duration=41.595458ms, advised=512KB) and native (duration=7.324219ms, advised=96KB) heaps. Managed heap utilization of 65%.
I/ActivityManager(  455): Delay finish: com.xiam.snapdragon.app/com.xiam.consia.client.receivers.LocationServiceReceiver
D/MobileDataStateTracker(  455): default: setPolicyDataEnable(enabled=true)
I/GCoreUlr(  889): Successfully inserted location
I/GCoreUlr(  889): Not calling LocationReportingService, hasMoved: false, elapsed millis: 1631201, request: Phone
I/art     (11154): Heap trim of managed (duration=63.537597ms, advised=204KB) and native (duration=2.746582ms, advised=396KB) heaps. Managed heap utilization of 88%.
D/gps_leo (  455): gps_inject_location() is called
D/gps_leo (  455): latitude=10.824610, longitude=106.719471, accuracy=1145.000000
I/System.out(11154): Caching is: false for entities: class com.xiam.consia.data.jpa.entities.GridEntity
I/System.out(11154): Lazy loaded DAO: com.xiam.consia.data.dao.jpa.JpaGridDao@64bb8600 for interface class: interface com.xiam.consia.data.dao.GridDao
D/Tethering(  455): MasterInitialState.processMessage what=3
D/CaptivePortalTracker(  455): Disconnected from active network NetworkInfo: type: WIFI[], state: DISCONNECTED/DISCONNECTED, reason: (unspecified), extra: <unknown ssid>, roaming: false, failover: false, isAvailable: true, isConnectedToProvisioningNetwork: false
D/ConnectivityService(  455): setProvNotificationVisible: E visible=false networkType=1 extraInfo=null url=null
D/AK8973  (   91): Compass CLOSE 
I/art     (  889): Heap trim of managed (duration=39.306639ms, advised=160KB) and native (duration=63.690183ms, advised=76KB) heaps. Managed heap utilization of 74%.
W/art     ( 6735): Thread[32,tid=6958,Native,Thread*=0x2a702468,peer=0x64a618c0,"Thread-1812"] attached without supplying a name
W/art     ( 6735): Thread[32,tid=6958,Native,Thread*=0x2a702468,peer=0x64c68950,"Thread-1813"] attached without supplying a name
I/ActivityManager(  455): START u0 {act=android.intent.action.MAIN cat=[android.intent.category.HOME] flg=0x10200000 cmp=com.teslacoilsw.launcher/com.android.launcher2.Launcher} from pid 455
I/SNAPDRAGON(11154): LocationService: wifi disconnected, LocationService polling is set to frequent aggressive schedule.
I/ActivityManager(  455): Resuming delayed broadcast
I/ActivityManager(  455): Delay finish: com.xiam.snapdragon.app/com.xiam.consia.battery.app.receivers.WifiServiceReceiver
I/ActivityManager(  455): Resuming delayed broadcast
I/ActivityManager(  455): Delay finish: com.xiam.snapdragon.app/com.xiam.consia.client.receivers.LocationServiceReceiver
I/ActivityManager(  455): Resuming delayed broadcast
W/art     (   86): Could not get current activity
W/ContextImpl( 6735): Implicit intents with startService are not safe: Intent { act=com.viber.voip.action.VIBER_SERVICE_BACKGROUND } android.content.ContextWrapper.startService:494 com.viber.voip.notification.NotificationManager.updateServiceStatus:-1 com.viber.voip.notification.NotificationManager.onServiceStateChanged:-1 
I/ActivityManager(  455): Start proc com.android.settings for broadcast com.android.settings/.widget.SettingsAppWidgetProvider: pid=12523 uid=1000 gids={41000, 1028, 1015, 3002, 3001, 3003}
E/art     (12523): prctl(PR_CAPBSET_DROP) failed with EINVAL. Please verify your kernel is compiled with file capabilities support: Invalid argument
E/art     (12523): prctl(PR_CAPBSET_DROP) failed with EINVAL. Please verify your kernel is compiled with file capabilities support: Invalid argument
E/art     (12523): prctl(PR_CAPBSET_DROP) failed with EINVAL. Please verify your kernel is compiled with file capabilities support: Invalid argument
E/art     (12523): prctl(PR_CAPBSET_DROP) failed with EINVAL. Please verify your kernel is compiled with file capabilities support: Invalid argument
E/art     (12523): prctl(PR_CAPBSET_DROP) failed with EINVAL. Please verify your kernel is compiled with file capabilities support: Invalid argument
E/art     (12523): prctl(PR_CAPBSET_DROP) failed with EINVAL. Please verify your kernel is compiled with file capabilities support: Invalid argument
E/art     (12523): prctl(PR_CAPBSET_DROP) failed with EINVAL. Please verify your kernel is compiled with file capabilities support: Invalid argument
E/art     (12523): prctl(PR_CAPBSET_DROP) failed with EINVAL. Please verify your kernel is compiled with file capabilities support: Invalid argument
E/art     (12523): prctl(PR_CAPBSET_DROP) failed with EINVAL. Please verify your kernel is compiled with file capabilities support: Invalid argument
E/art     (12523): prctl(PR_CAPBSET_DROP) failed with EINVAL. Please verify your kernel is compiled with file capabilities support: Invalid argument
E/art     (12523): prctl(PR_CAPBSET_DROP) failed with EINVAL. Please verify your kernel is compiled with file capabilities support: Invalid argument
E/art     (12523): prctl(PR_CAPBSET_DROP) failed with EINVAL. Please verify your kernel is compiled with file capabilities support: Invalid argument
E/art     (12523): prctl(PR_CAPBSET_DROP) failed with EINVAL. Please verify your kernel is compiled with file capabilities support: Invalid argument
E/art     (12523): prctl(PR_CAPBSET_DROP) failed with EINVAL. Please verify your kernel is compiled with file capabilities support: Invalid argument
E/art     (12523): prctl(PR_CAPBSET_DROP) failed with EINVAL. Please verify your kernel is compiled with file capabilities support: Invalid argument
E/art     (12523): prctl(PR_CAPBSET_DROP) failed with EINVAL. Please verify your kernel is compiled with file capabilities support: Invalid argument
E/art     (12523): prctl(PR_CAPBSET_DROP) failed with EINVAL. Please verify your kernel is compiled with file capabilities support: Invalid argument
E/art     (12523): prctl(PR_CAPBSET_DROP) failed with EINVAL. Please verify your kernel is compiled with file capabilities support: Invalid argument
E/art     (12523): prctl(PR_CAPBSET_DROP) failed with EINVAL. Please verify your kernel is compiled with file capabilities support: Invalid argument
E/art     (12523): prctl(PR_CAPBSET_DROP) failed with EINVAL. Please verify your kernel is compiled with file capabilities support: Invalid argument
E/art     (12523): prctl(PR_CAPBSET_DROP) failed with EINVAL. Please verify your kernel is compiled with file capabilities support: Invalid argument
E/art     (12523): prctl(PR_CAPBSET_DROP) failed with EINVAL. Please verify your kernel is compiled with file capabilities support: Invalid argument
E/art     (12523): prctl(PR_CAPBSET_DROP) failed with EINVAL. Please verify your kernel is compiled with file capabilities support: Invalid argument
E/art     (12523): prctl(PR_CAPBSET_DROP) failed with EINVAL. Please verify your kernel is compiled with file capabilities support: Invalid argument
E/art     (12523): prctl(PR_CAPBSET_DROP) failed with EINVAL. Please verify your kernel is compiled with file capabilities support: Invalid argument
E/art     (12523): prctl(PR_CAPBSET_DROP) failed with EINVAL. Please verify your kernel is compiled with file capabilities support: Invalid argument
E/art     (12523): prctl(PR_CAPBSET_DROP) failed with EINVAL. Please verify your kernel is compiled with file capabilities support: Invalid argument
E/art     (12523): prctl(PR_CAPBSET_DROP) failed with EINVAL. Please verify your kernel is compiled with file capabilities support: Invalid argument
E/art     (12523): prctl(PR_CAPBSET_DROP) failed with EINVAL. Please verify your kernel is compiled with file capabilities support: Invalid argument
E/art     (12523): prctl(PR_CAPBSET_DROP) failed with EINVAL. Please verify your kernel is compiled with file capabilities support: Invalid argument
E/art     (12523): prctl(PR_CAPBSET_DROP) failed with EINVAL. Please verify your kernel is compiled with file capabilities support: Invalid argument
E/art     (12523): prctl(PR_CAPBSET_DROP) failed with EINVAL. Please verify your kernel is compiled with file capabilities support: Invalid argument
E/art     (12523): prctl(PR_CAPBSET_DROP) failed with EINVAL. Please verify your kernel is compiled with file capabilities support: Invalid argument
E/art     (12523): prctl(PR_CAPBSET_DROP) failed with EINVAL. Please verify your kernel is compiled with file capabilities support: Invalid argument
D/ActivityThread(12523): com.android.settings black listed for hwui
D/BluetoothManagerService(  455): Message: 20
D/BluetoothManagerService(  455): Added callback: android.bluetooth.IBluetoothManagerCallback$Stub$Proxy@64b46848:true
D/BluetoothAdapter(12523): 1687495592: getState() :  mService = null. Returning STATE_OFF
D/BluetoothManagerService(  455): Message: 30
W/ContextImpl(12523): Calling a method in the system process without a qualified user: android.app.ContextImpl.bindService:1582 android.content.ContextWrapper.bindService:517 android.bluetooth.BluetoothInputDevice.doBind:256 android.bluetooth.BluetoothInputDevice.<init>:249 android.bluetooth.BluetoothAdapter.getProfileProxy:1197 
D/BluetoothManagerService(  455): Message: 30
W/ContextImpl(12523): Calling a method in the system process without a qualified user: android.app.ContextImpl.bindService:1582 android.content.ContextWrapper.bindService:517 android.bluetooth.BluetoothPan.doBind:149 android.bluetooth.BluetoothPan.<init>:141 android.bluetooth.BluetoothAdapter.getProfileProxy:1200 
D/LocalBluetoothProfileManager(12523): Adding local MAP profile
I/art     (  455): Heap trim of managed (duration=47.546388ms, advised=928KB) and native (duration=6.072999ms, advised=504KB) heaps. Managed heap utilization of 78%.
D/BluetoothMap(12523): Create BluetoothMap proxy object
D/BluetoothManagerService(  455): Message: 30
W/ContextImpl(12523): Calling a method in the system process without a qualified user: android.app.ContextImpl.bindService:1582 android.content.ContextWrapper.bindService:517 android.bluetooth.BluetoothMap.doBind:109 android.bluetooth.BluetoothMap.<init>:102 android.bluetooth.BluetoothAdapter.getProfileProxy:1212 
D/BluetoothManagerService(  455): Message: 30
D/LocalBluetoothProfileManager(12523): LocalBluetoothProfileManager construction complete
D/BluetoothAdapter(12523): 1687495592: getState() :  mService = null. Returning STATE_OFF
D/BluetoothAdapter(12523): 1687495592: getState() :  mService = null. Returning STATE_OFF
W/ContextImpl(12523): Calling a method in the system process without a qualified user: android.app.ContextImpl.bindService:1582 android.content.ContextWrapper.bindService:517 android.bluetooth.BluetoothPbap.doBind:164 android.bluetooth.BluetoothPbap.<init>:157 com.android.settings.bluetooth.PbapServerProfile.<init>:68 
E/art     (12538): prctl(PR_CAPBSET_DROP) failed with EINVAL. Please verify your kernel is compiled with file capabilities support: Invalid argument
E/art     (12538): prctl(PR_CAPBSET_DROP) failed with EINVAL. Please verify your kernel is compiled with file capabilities support: Invalid argument
E/art     (12538): prctl(PR_CAPBSET_DROP) failed with EINVAL. Please verify your kernel is compiled with file capabilities support: Invalid argument
E/art     (12538): prctl(PR_CAPBSET_DROP) failed with EINVAL. Please verify your kernel is compiled with file capabilities support: Invalid argument
E/art     (12538): prctl(PR_CAPBSET_DROP) failed with EINVAL. Please verify your kernel is compiled with file capabilities support: Invalid argument
E/art     (12538): prctl(PR_CAPBSET_DROP) failed with EINVAL. Please verify your kernel is compiled with file capabilities support: Invalid argument
E/art     (12538): prctl(PR_CAPBSET_DROP) failed with EINVAL. Please verify your kernel is compiled with file capabilities support: Invalid argument
E/art     (12538): prctl(PR_CAPBSET_DROP) failed with EINVAL. Please verify your kernel is compiled with file capabilities support: Invalid argument
E/art     (12538): prctl(PR_CAPBSET_DROP) failed with EINVAL. Please verify your kernel is compiled with file capabilities support: Invalid argument
E/art     (12538): prctl(PR_CAPBSET_DROP) failed with EINVAL. Please verify your kernel is compiled with file capabilities support: Invalid argument
E/art     (12538): prctl(PR_CAPBSET_DROP) failed with EINVAL. Please verify your kernel is compiled with file capabilities support: Invalid argument
E/art     (12538): prctl(PR_CAPBSET_DROP) failed with EINVAL. Please verify your kernel is compiled with file capabilities support: Invalid argument
E/art     (12538): prctl(PR_CAPBSET_DROP) failed with EINVAL. Please verify your kernel is compiled with file capabilities support: Invalid argument
E/art     (12538): prctl(PR_CAPBSET_DROP) failed with EINVAL. Please verify your kernel is compiled with file capabilities support: Invalid argument
E/art     (12538): prctl(PR_CAPBSET_DROP) failed with EINVAL. Please verify your kernel is compiled with file capabilities support: Invalid argument
E/art     (12538): prctl(PR_CAPBSET_DROP) failed with EINVAL. Please verify your kernel is compiled with file capabilities support: Invalid argument
E/art     (12538): prctl(PR_CAPBSET_DROP) failed with EINVAL. Please verify your kernel is compiled with file capabilities support: Invalid argument
E/art     (12538): prctl(PR_CAPBSET_DROP) failed with EINVAL. Please verify your kernel is compiled with file capabilities support: Invalid argument
E/art     (12538): prctl(PR_CAPBSET_DROP) failed with EINVAL. Please verify your kernel is compiled with file capabilities support: Invalid argument
E/art     (12538): prctl(PR_CAPBSET_DROP) failed with EINVAL. Please verify your kernel is compiled with file capabilities support: Invalid argument
E/art     (12538): prctl(PR_CAPBSET_DROP) failed with EINVAL. Please verify your kernel is compiled with file capabilities support: Invalid argument
E/art     (12538): prctl(PR_CAPBSET_DROP) failed with EINVAL. Please verify your kernel is compiled with file capabilities support: Invalid argument
E/art     (12538): prctl(PR_CAPBSET_DROP) failed with EINVAL. Please verify your kernel is compiled with file capabilities support: Invalid argument
E/art     (12538): prctl(PR_CAPBSET_DROP) failed with EINVAL. Please verify your kernel is compiled with file capabilities support: Invalid argument
E/art     (12538): prctl(PR_CAPBSET_DROP) failed with EINVAL. Please verify your kernel is compiled with file capabilities support: Invalid argument
E/art     (12538): prctl(PR_CAPBSET_DROP) failed with EINVAL. Please verify your kernel is compiled with file capabilities support: Invalid argument
E/art     (12538): prctl(PR_CAPBSET_DROP) failed with EINVAL. Please verify your kernel is compiled with file capabilities support: Invalid argument
E/art     (12538): prctl(PR_CAPBSET_DROP) failed with EINVAL. Please verify your kernel is compiled with file capabilities support: Invalid argument
E/art     (12538): prctl(PR_CAPBSET_DROP) failed with EINVAL. Please verify your kernel is compiled with file capabilities support: Invalid argument
E/art     (12538): prctl(PR_CAPBSET_DROP) failed with EINVAL. Please verify your kernel is compiled with file capabilities support: Invalid argument
E/art     (12538): prctl(PR_CAPBSET_DROP) failed with EINVAL. Please verify your kernel is compiled with file capabilities support: Invalid argument
E/art     (12538): prctl(PR_CAPBSET_DROP) failed with EINVAL. Please verify your kernel is compiled with file capabilities support: Invalid argument
E/art     (12538): prctl(PR_CAPBSET_DROP) failed with EINVAL. Please verify your kernel is compiled with file capabilities support: Invalid argument
E/art     (12538): prctl(PR_CAPBSET_DROP) failed with EINVAL. Please verify your kernel is compiled with file capabilities support: Invalid argument
I/ActivityManager(  455): Start proc com.sand.airdroid for broadcast com.sand.airdroid/.WebServerWidget: pid=12538 uid=10091 gids={50091, 1028, 1015, 3003, 1006}
I/ActivityManager(  455): Killing 12325:com.estrongs.android.pop/u0a67 (adj 11): empty #2
I/art     (12538): Turning on JNI app bug workarounds for target SDK version 11...
V/DeadZone(  535): consuming errant click: (45.394047,6.8120728)
W/ContextImpl(12538): Implicit intents with startService are not safe: Intent { act=com.sand.airdroid.action.push.Start } android.content.ContextWrapper.startService:494 com.sand.push.ak.b:-1 com.sand.airdroid.SDApplication.onCreate:-1 
I/ActivityManager(  455): Killing 12523:com.android.settings/1000 (adj 11): empty #2
I/PowerManagerService(  455): Going to sleep by user request...
D/SurfaceFlinger(   85): Screen released, type=0 flinger=0x2a007450
W/art     (   86): Could not get current activity
E/art     (12559): prctl(PR_CAPBSET_DROP) failed with EINVAL. Please verify your kernel is compiled with file capabilities support: Invalid argument
E/art     (12559): prctl(PR_CAPBSET_DROP) failed with EINVAL. Please verify your kernel is compiled with file capabilities support: Invalid argument
E/art     (12559): prctl(PR_CAPBSET_DROP) failed with EINVAL. Please verify your kernel is compiled with file capabilities support: Invalid argument
E/art     (12559): prctl(PR_CAPBSET_DROP) failed with EINVAL. Please verify your kernel is compiled with file capabilities support: Invalid argument
E/art     (12559): prctl(PR_CAPBSET_DROP) failed with EINVAL. Please verify your kernel is compiled with file capabilities support: Invalid argument
E/art     (12559): prctl(PR_CAPBSET_DROP) failed with EINVAL. Please verify your kernel is compiled with file capabilities support: Invalid argument
E/art     (12559): prctl(PR_CAPBSET_DROP) failed with EINVAL. Please verify your kernel is compiled with file capabilities support: Invalid argument
E/art     (12559): prctl(PR_CAPBSET_DROP) failed with EINVAL. Please verify your kernel is compiled with file capabilities support: Invalid argument
E/art     (12559): prctl(PR_CAPBSET_DROP) failed with EINVAL. Please verify your kernel is compiled with file capabilities support: Invalid argument
E/art     (12559): prctl(PR_CAPBSET_DROP) failed with EINVAL. Please verify your kernel is compiled with file capabilities support: Invalid argument
E/art     (12559): prctl(PR_CAPBSET_DROP) failed with EINVAL. Please verify your kernel is compiled with file capabilities support: Invalid argument
E/art     (12559): prctl(PR_CAPBSET_DROP) failed with EINVAL. Please verify your kernel is compiled with file capabilities support: Invalid argument
E/art     (12559): prctl(PR_CAPBSET_DROP) failed with EINVAL. Please verify your kernel is compiled with file capabilities support: Invalid argument
E/art     (12559): prctl(PR_CAPBSET_DROP) failed with EINVAL. Please verify your kernel is compiled with file capabilities support: Invalid argument
E/art     (12559): prctl(PR_CAPBSET_DROP) failed with EINVAL. Please verify your kernel is compiled with file capabilities support: Invalid argument
E/art     (12559): prctl(PR_CAPBSET_DROP) failed with EINVAL. Please verify your kernel is compiled with file capabilities support: Invalid argument
E/art     (12559): prctl(PR_CAPBSET_DROP) failed with EINVAL. Please verify your kernel is compiled with file capabilities support: Invalid argument
E/art     (12559): prctl(PR_CAPBSET_DROP) failed with EINVAL. Please verify your kernel is compiled with file capabilities support: Invalid argument
E/art     (12559): prctl(PR_CAPBSET_DROP) failed with EINVAL. Please verify your kernel is compiled with file capabilities support: Invalid argument
E/art     (12559): prctl(PR_CAPBSET_DROP) failed with EINVAL. Please verify your kernel is compiled with file capabilities support: Invalid argument
E/art     (12559): prctl(PR_CAPBSET_DROP) failed with EINVAL. Please verify your kernel is compiled with file capabilities support: Invalid argument
E/art     (12559): prctl(PR_CAPBSET_DROP) failed with EINVAL. Please verify your kernel is compiled with file capabilities support: Invalid argument
E/art     (12559): prctl(PR_CAPBSET_DROP) failed with EINVAL. Please verify your kernel is compiled with file capabilities support: Invalid argument
E/art     (12559): prctl(PR_CAPBSET_DROP) failed with EINVAL. Please verify your kernel is compiled with file capabilities support: Invalid argument
I/ActivityManager(  455): Start proc com.android.settings for broadcast com.android.settings/.cmstats.ReportingServiceManager: pid=12559 uid=1000 gids={41000, 1028, 1015, 3002, 3001, 3003}
E/art     (12559): prctl(PR_CAPBSET_DROP) failed with EINVAL. Please verify your kernel is compiled with file capabilities support: Invalid argument
E/art     (12559): prctl(PR_CAPBSET_DROP) failed with EINVAL. Please verify your kernel is compiled with file capabilities support: Invalid argument
E/art     (12559): prctl(PR_CAPBSET_DROP) failed with EINVAL. Please verify your kernel is compiled with file capabilities support: Invalid argument
E/art     (12559): prctl(PR_CAPBSET_DROP) failed with EINVAL. Please verify your kernel is compiled with file capabilities support: Invalid argument
E/art     (12559): prctl(PR_CAPBSET_DROP) failed with EINVAL. Please verify your kernel is compiled with file capabilities support: Invalid argument
E/art     (12559): prctl(PR_CAPBSET_DROP) failed with EINVAL. Please verify your kernel is compiled with file capabilities support: Invalid argument
E/art     (12559): prctl(PR_CAPBSET_DROP) failed with EINVAL. Please verify your kernel is compiled with file capabilities support: Invalid argument
E/art     (12559): prctl(PR_CAPBSET_DROP) failed with EINVAL. Please verify your kernel is compiled with file capabilities support: Invalid argument
E/art     (12559): prctl(PR_CAPBSET_DROP) failed with EINVAL. Please verify your kernel is compiled with file capabilities support: Invalid argument
E/art     (12559): prctl(PR_CAPBSET_DROP) failed with EINVAL. Please verify your kernel is compiled with file capabilities support: Invalid argument
D/ActivityThread(12559): com.android.settings black listed for hwui
E/art     (12574): prctl(PR_CAPBSET_DROP) failed with EINVAL. Please verify your kernel is compiled with file capabilities support: Invalid argument
E/art     (12574): prctl(PR_CAPBSET_DROP) failed with EINVAL. Please verify your kernel is compiled with file capabilities support: Invalid argument
E/art     (12574): prctl(PR_CAPBSET_DROP) failed with EINVAL. Please verify your kernel is compiled with file capabilities support: Invalid argument
E/art     (12574): prctl(PR_CAPBSET_DROP) failed with EINVAL. Please verify your kernel is compiled with file capabilities support: Invalid argument
E/art     (12574): prctl(PR_CAPBSET_DROP) failed with EINVAL. Please verify your kernel is compiled with file capabilities support: Invalid argument
E/art     (12574): prctl(PR_CAPBSET_DROP) failed with EINVAL. Please verify your kernel is compiled with file capabilities support: Invalid argument
E/art     (12574): prctl(PR_CAPBSET_DROP) failed with EINVAL. Please verify your kernel is compiled with file capabilities support: Invalid argument
E/art     (12574): prctl(PR_CAPBSET_DROP) failed with EINVAL. Please verify your kernel is compiled with file capabilities support: Invalid argument
E/art     (12574): prctl(PR_CAPBSET_DROP) failed with EINVAL. Please verify your kernel is compiled with file capabilities support: Invalid argument
E/art     (12574): prctl(PR_CAPBSET_DROP) failed with EINVAL. Please verify your kernel is compiled with file capabilities support: Invalid argument
E/art     (12574): prctl(PR_CAPBSET_DROP) failed with EINVAL. Please verify your kernel is compiled with file capabilities support: Invalid argument
E/art     (12574): prctl(PR_CAPBSET_DROP) failed with EINVAL. Please verify your kernel is compiled with file capabilities support: Invalid argument
E/art     (12574): prctl(PR_CAPBSET_DROP) failed with EINVAL. Please verify your kernel is compiled with file capabilities support: Invalid argument
E/art     (12574): prctl(PR_CAPBSET_DROP) failed with EINVAL. Please verify your kernel is compiled with file capabilities support: Invalid argument
E/art     (12574): prctl(PR_CAPBSET_DROP) failed with EINVAL. Please verify your kernel is compiled with file capabilities support: Invalid argument
E/art     (12574): prctl(PR_CAPBSET_DROP) failed with EINVAL. Please verify your kernel is compiled with file capabilities support: Invalid argument
E/art     (12574): prctl(PR_CAPBSET_DROP) failed with EINVAL. Please verify your kernel is compiled with file capabilities support: Invalid argument
E/art     (12574): prctl(PR_CAPBSET_DROP) failed with EINVAL. Please verify your kernel is compiled with file capabilities support: Invalid argument
E/art     (12574): prctl(PR_CAPBSET_DROP) failed with EINVAL. Please verify your kernel is compiled with file capabilities support: Invalid argument
E/art     (12574): prctl(PR_CAPBSET_DROP) failed with EINVAL. Please verify your kernel is compiled with file capabilities support: Invalid argument
E/art     (12574): prctl(PR_CAPBSET_DROP) failed with EINVAL. Please verify your kernel is compiled with file capabilities support: Invalid argument
E/art     (12574): prctl(PR_CAPBSET_DROP) failed with EINVAL. Please verify your kernel is compiled with file capabilities support: Invalid argument
E/art     (12574): prctl(PR_CAPBSET_DROP) failed with EINVAL. Please verify your kernel is compiled with file capabilities support: Invalid argument
E/art     (12574): prctl(PR_CAPBSET_DROP) failed with EINVAL. Please verify your kernel is compiled with file capabilities support: Invalid argument
E/art     (12574): prctl(PR_CAPBSET_DROP) failed with EINVAL. Please verify your kernel is compiled with file capabilities support: Invalid argument
I/ActivityManager(  455): Start proc com.android.mms for broadcast com.android.mms/.transaction.MmsSystemEventReceiver: pid=12574 uid=10019 gids={50019, 3003, 1028, 1015}
I/ActivityManager(  455): Killing 12538:com.sand.airdroid/u0a91 (adj 11): empty #2
E/art     (12574): prctl(PR_CAPBSET_DROP) failed with EINVAL. Please verify your kernel is compiled with file capabilities support: Invalid argument
E/art     (12574): prctl(PR_CAPBSET_DROP) failed with EINVAL. Please verify your kernel is compiled with file capabilities support: Invalid argument
E/art     (12574): prctl(PR_CAPBSET_DROP) failed with EINVAL. Please verify your kernel is compiled with file capabilities support: Invalid argument
E/art     (12574): prctl(PR_CAPBSET_DROP) failed with EINVAL. Please verify your kernel is compiled with file capabilities support: Invalid argument
E/art     (12574): prctl(PR_CAPBSET_DROP) failed with EINVAL. Please verify your kernel is compiled with file capabilities support: Invalid argument
E/art     (12574): prctl(PR_CAPBSET_DROP) failed with EINVAL. Please verify your kernel is compiled with file capabilities support: Invalid argument
E/art     (12574): prctl(PR_CAPBSET_DROP) failed with EINVAL. Please verify your kernel is compiled with file capabilities support: Invalid argument
E/art     (12574): prctl(PR_CAPBSET_DROP) failed with EINVAL. Please verify your kernel is compiled with file capabilities support: Invalid argument
E/art     (12574): prctl(PR_CAPBSET_DROP) failed with EINVAL. Please verify your kernel is compiled with file capabilities support: Invalid argument
I/Choreographer(  535): Skipped 106 frames!  The application may be doing too much work on its main thread.
D/CountryDetector(  455): The first listener is added
D/PhoneStatusBar(  535): disable: < EXPAND* icons alerts TICKER* system_info BACK* HOME* RECENT* CLOCK* search >
V/MmsConfig(12574): mnc/mcc: 45201
V/MmsConfig(12574): tag: int value: maxMessageSize - 307200
V/MmsConfig(12574): tag: int value: maxImageHeight - 768
V/MmsConfig(12574): tag: int value: maxImageWidth - 1024
V/MmsConfig(12574): tag: string value: userAgent - NexusOne
V/MmsConfig(12574): tag: string value: uaProfUrl - http://www.htcmms.com.tw/Android/Common/nexusone/ua-profile.xml
V/MmsConfig(12574): tag: int value: recipientLimit - -1
V/MmsConfig(12574): tag: int value: smsToMmsTextThreshold - 4
V/MmsConfig(12574): tag: bool value: enableMultipartSMS - true
V/MmsConfig(12574): tag: bool value: enableSlideDuration - true
V/MmsConfig(12574): tag: int value: maxMessageTextSize - -1
I/System.out(11154): SBGScreenStateReceiver: Got ACTION_SCREEN_OFF
I/System.out(11154): ScreenStateReceiver: Received android.intent.action.SCREEN_OFF broadcast, starting CaptureScreenStateService.
I/System.out(11154): ScreenStateReceiver: Finished handleReceive to start CaptureScreenStateService.
I/art     (11154): Heap trim of managed (duration=39.581301ms, advised=1072KB) and native (duration=2.502441ms, advised=396KB) heaps. Managed heap utilization of 71%.
I/ActivityManager(  455): Killing 12559:com.android.settings/1000 (adj 11): empty #2
W/art     (   86): Could not get current activity
E/art     (12600): prctl(PR_CAPBSET_DROP) failed with EINVAL. Please verify your kernel is compiled with file capabilities support: Invalid argument
E/art     (12600): prctl(PR_CAPBSET_DROP) failed with EINVAL. Please verify your kernel is compiled with file capabilities support: Invalid argument
E/art     (12600): prctl(PR_CAPBSET_DROP) failed with EINVAL. Please verify your kernel is compiled with file capabilities support: Invalid argument
E/art     (12600): prctl(PR_CAPBSET_DROP) failed with EINVAL. Please verify your kernel is compiled with file capabilities support: Invalid argument
E/art     (12600): prctl(PR_CAPBSET_DROP) failed with EINVAL. Please verify your kernel is compiled with file capabilities support: Invalid argument
E/art     (12600): prctl(PR_CAPBSET_DROP) failed with EINVAL. Please verify your kernel is compiled with file capabilities support: Invalid argument
E/art     (12600): prctl(PR_CAPBSET_DROP) failed with EINVAL. Please verify your kernel is compiled with file capabilities support: Invalid argument
E/art     (12600): prctl(PR_CAPBSET_DROP) failed with EINVAL. Please verify your kernel is compiled with file capabilities support: Invalid argument
E/art     (12600): prctl(PR_CAPBSET_DROP) failed with EINVAL. Please verify your kernel is compiled with file capabilities support: Invalid argument
E/art     (12600): prctl(PR_CAPBSET_DROP) failed with EINVAL. Please verify your kernel is compiled with file capabilities support: Invalid argument
E/art     (12600): prctl(PR_CAPBSET_DROP) failed with EINVAL. Please verify your kernel is compiled with file capabilities support: Invalid argument
E/art     (12600): prctl(PR_CAPBSET_DROP) failed with EINVAL. Please verify your kernel is compiled with file capabilities support: Invalid argument
E/art     (12600): prctl(PR_CAPBSET_DROP) failed with EINVAL. Please verify your kernel is compiled with file capabilities support: Invalid argument
E/art     (12600): prctl(PR_CAPBSET_DROP) failed with EINVAL. Please verify your kernel is compiled with file capabilities support: Invalid argument
E/art     (12600): prctl(PR_CAPBSET_DROP) failed with EINVAL. Please verify your kernel is compiled with file capabilities support: Invalid argument
E/art     (12600): prctl(PR_CAPBSET_DROP) failed with EINVAL. Please verify your kernel is compiled with file capabilities support: Invalid argument
E/art     (12600): prctl(PR_CAPBSET_DROP) failed with EINVAL. Please verify your kernel is compiled with file capabilities support: Invalid argument
E/art     (12600): prctl(PR_CAPBSET_DROP) failed with EINVAL. Please verify your kernel is compiled with file capabilities support: Invalid argument
E/art     (12600): prctl(PR_CAPBSET_DROP) failed with EINVAL. Please verify your kernel is compiled with file capabilities support: Invalid argument
E/art     (12600): prctl(PR_CAPBSET_DROP) failed with EINVAL. Please verify your kernel is compiled with file capabilities support: Invalid argument
E/art     (12600): prctl(PR_CAPBSET_DROP) failed with EINVAL. Please verify your kernel is compiled with file capabilities support: Invalid argument
E/art     (12600): prctl(PR_CAPBSET_DROP) failed with EINVAL. Please verify your kernel is compiled with file capabilities support: Invalid argument
E/art     (12600): prctl(PR_CAPBSET_DROP) failed with EINVAL. Please verify your kernel is compiled with file capabilities support: Invalid argument
E/art     (12600): prctl(PR_CAPBSET_DROP) failed with EINVAL. Please verify your kernel is compiled with file capabilities support: Invalid argument
E/art     (12600): prctl(PR_CAPBSET_DROP) failed with EINVAL. Please verify your kernel is compiled with file capabilities support: Invalid argument
E/art     (12600): prctl(PR_CAPBSET_DROP) failed with EINVAL. Please verify your kernel is compiled with file capabilities support: Invalid argument
E/art     (12600): prctl(PR_CAPBSET_DROP) failed with EINVAL. Please verify your kernel is compiled with file capabilities support: Invalid argument
E/art     (12600): prctl(PR_CAPBSET_DROP) failed with EINVAL. Please verify your kernel is compiled with file capabilities support: Invalid argument
E/art     (12600): prctl(PR_CAPBSET_DROP) failed with EINVAL. Please verify your kernel is compiled with file capabilities support: Invalid argument
E/art     (12600): prctl(PR_CAPBSET_DROP) failed with EINVAL. Please verify your kernel is compiled with file capabilities support: Invalid argument
E/art     (12600): prctl(PR_CAPBSET_DROP) failed with EINVAL. Please verify your kernel is compiled with file capabilities support: Invalid argument
E/art     (12600): prctl(PR_CAPBSET_DROP) failed with EINVAL. Please verify your kernel is compiled with file capabilities support: Invalid argument
E/art     (12600): prctl(PR_CAPBSET_DROP) failed with EINVAL. Please verify your kernel is compiled with file capabilities support: Invalid argument
E/art     (12600): prctl(PR_CAPBSET_DROP) failed with EINVAL. Please verify your kernel is compiled with file capabilities support: Invalid argument
I/ActivityManager(  455): Start proc com.google.android.gms for broadcast com.google.android.gms/.gcm.GmsAutoStarter: pid=12600 uid=10000 gids={50000, 3003, 1007, 1028, 1015, 1006, 2001, 3006, 3007}
I/art     (10426): Heap trim of managed (duration=2.166748ms, advised=100KB) and native (duration=3.356933ms, advised=0B) heaps. Managed heap utilization of 55%.
I/ActivityManager(  455): Killing 12574:com.android.mms/u0a19 (adj 11): empty #2
D/GCM     (  867): GcmService start Intent { act=android.net.conn.CONNECTIVITY_CHANGE flg=0x4000010 cmp=com.google.android.gms/.gcm.GcmService (has extras) } android.net.conn.CONNECTIVITY_CHANGE
D/CountryDetector(  455): No listener is left
E/art     (12619): prctl(PR_CAPBSET_DROP) failed with EINVAL. Please verify your kernel is compiled with file capabilities support: Invalid argument
E/art     (12619): prctl(PR_CAPBSET_DROP) failed with EINVAL. Please verify your kernel is compiled with file capabilities support: Invalid argument
E/art     (12619): prctl(PR_CAPBSET_DROP) failed with EINVAL. Please verify your kernel is compiled with file capabilities support: Invalid argument
E/art     (12619): prctl(PR_CAPBSET_DROP) failed with EINVAL. Please verify your kernel is compiled with file capabilities support: Invalid argument
E/art     (12619): prctl(PR_CAPBSET_DROP) failed with EINVAL. Please verify your kernel is compiled with file capabilities support: Invalid argument
E/art     (12619): prctl(PR_CAPBSET_DROP) failed with EINVAL. Please verify your kernel is compiled with file capabilities support: Invalid argument
E/art     (12619): prctl(PR_CAPBSET_DROP) failed with EINVAL. Please verify your kernel is compiled with file capabilities support: Invalid argument
E/art     (12619): prctl(PR_CAPBSET_DROP) failed with EINVAL. Please verify your kernel is compiled with file capabilities support: Invalid argument
E/art     (12619): prctl(PR_CAPBSET_DROP) failed with EINVAL. Please verify your kernel is compiled with file capabilities support: Invalid argument
E/art     (12619): prctl(PR_CAPBSET_DROP) failed with EINVAL. Please verify your kernel is compiled with file capabilities support: Invalid argument
E/art     (12619): prctl(PR_CAPBSET_DROP) failed with EINVAL. Please verify your kernel is compiled with file capabilities support: Invalid argument
E/art     (12619): prctl(PR_CAPBSET_DROP) failed with EINVAL. Please verify your kernel is compiled with file capabilities support: Invalid argument
E/art     (12619): prctl(PR_CAPBSET_DROP) failed with EINVAL. Please verify your kernel is compiled with file capabilities support: Invalid argument
E/art     (12619): prctl(PR_CAPBSET_DROP) failed with EINVAL. Please verify your kernel is compiled with file capabilities support: Invalid argument
E/art     (12619): prctl(PR_CAPBSET_DROP) failed with EINVAL. Please verify your kernel is compiled with file capabilities support: Invalid argument
E/art     (12619): prctl(PR_CAPBSET_DROP) failed with EINVAL. Please verify your kernel is compiled with file capabilities support: Invalid argument
E/art     (12619): prctl(PR_CAPBSET_DROP) failed with EINVAL. Please verify your kernel is compiled with file capabilities support: Invalid argument
E/art     (12619): prctl(PR_CAPBSET_DROP) failed with EINVAL. Please verify your kernel is compiled with file capabilities support: Invalid argument
E/art     (12619): prctl(PR_CAPBSET_DROP) failed with EINVAL. Please verify your kernel is compiled with file capabilities support: Invalid argument
E/art     (12619): prctl(PR_CAPBSET_DROP) failed with EINVAL. Please verify your kernel is compiled with file capabilities support: Invalid argument
E/art     (12619): prctl(PR_CAPBSET_DROP) failed with EINVAL. Please verify your kernel is compiled with file capabilities support: Invalid argument
E/art     (12619): prctl(PR_CAPBSET_DROP) failed with EINVAL. Please verify your kernel is compiled with file capabilities support: Invalid argument
E/art     (12619): prctl(PR_CAPBSET_DROP) failed with EINVAL. Please verify your kernel is compiled with file capabilities support: Invalid argument
E/art     (12619): prctl(PR_CAPBSET_DROP) failed with EINVAL. Please verify your kernel is compiled with file capabilities support: Invalid argument
E/art     (12619): prctl(PR_CAPBSET_DROP) failed with EINVAL. Please verify your kernel is compiled with file capabilities support: Invalid argument
E/art     (12619): prctl(PR_CAPBSET_DROP) failed with EINVAL. Please verify your kernel is compiled with file capabilities support: Invalid argument
E/art     (12619): prctl(PR_CAPBSET_DROP) failed with EINVAL. Please verify your kernel is compiled with file capabilities support: Invalid argument
E/art     (12619): prctl(PR_CAPBSET_DROP) failed with EINVAL. Please verify your kernel is compiled with file capabilities support: Invalid argument
E/art     (12619): prctl(PR_CAPBSET_DROP) failed with EINVAL. Please verify your kernel is compiled with file capabilities support: Invalid argument
E/art     (12619): prctl(PR_CAPBSET_DROP) failed with EINVAL. Please verify your kernel is compiled with file capabilities support: Invalid argument
E/art     (12619): prctl(PR_CAPBSET_DROP) failed with EINVAL. Please verify your kernel is compiled with file capabilities support: Invalid argument
E/art     (12619): prctl(PR_CAPBSET_DROP) failed with EINVAL. Please verify your kernel is compiled with file capabilities support: Invalid argument
E/art     (12619): prctl(PR_CAPBSET_DROP) failed with EINVAL. Please verify your kernel is compiled with file capabilities support: Invalid argument
E/art     (12619): prctl(PR_CAPBSET_DROP) failed with EINVAL. Please verify your kernel is compiled with file capabilities support: Invalid argument
I/ActivityManager(  455): Start proc com.google.android.setupwizard for broadcast com.google.android.setupwizard/.MobileConnectivityChangeReceiver: pid=12619 uid=10013 gids={50013, 3003}
D/ConnectivityService(  455): handleInetConditionChange: no active default network - ignore
D/MobileConnectivityChangeReceiver(12619): onReceive Intent { act=android.net.conn.CONNECTIVITY_CHANGE flg=0x4000010 cmp=com.google.android.setupwizard/.MobileConnectivityChangeReceiver (has extras) }
D/MobileConnectivityChangeReceiver(12619): onReceive CONNECTIVITY_CHANGE networkType=1
E/PhoneMonitor(12619): onOtaspChanged old =0, new =3
V/PhoneMonitor(12619): mOtaspPhoneStateListener#onOtaspChanged, mOtaspMode=3
W/art     (   86): Could not get current activity
E/art     (12635): prctl(PR_CAPBSET_DROP) failed with EINVAL. Please verify your kernel is compiled with file capabilities support: Invalid argument
E/art     (12635): prctl(PR_CAPBSET_DROP) failed with EINVAL. Please verify your kernel is compiled with file capabilities support: Invalid argument
E/art     (12635): prctl(PR_CAPBSET_DROP) failed with EINVAL. Please verify your kernel is compiled with file capabilities support: Invalid argument
E/art     (12635): prctl(PR_CAPBSET_DROP) failed with EINVAL. Please verify your kernel is compiled with file capabilities support: Invalid argument
E/art     (12635): prctl(PR_CAPBSET_DROP) failed with EINVAL. Please verify your kernel is compiled with file capabilities support: Invalid argument
E/art     (12635): prctl(PR_CAPBSET_DROP) failed with EINVAL. Please verify your kernel is compiled with file capabilities support: Invalid argument
E/art     (12635): prctl(PR_CAPBSET_DROP) failed with EINVAL. Please verify your kernel is compiled with file capabilities support: Invalid argument
E/art     (12635): prctl(PR_CAPBSET_DROP) failed with EINVAL. Please verify your kernel is compiled with file capabilities support: Invalid argument
E/art     (12635): prctl(PR_CAPBSET_DROP) failed with EINVAL. Please verify your kernel is compiled with file capabilities support: Invalid argument
E/art     (12635): prctl(PR_CAPBSET_DROP) failed with EINVAL. Please verify your kernel is compiled with file capabilities support: Invalid argument
E/art     (12635): prctl(PR_CAPBSET_DROP) failed with EINVAL. Please verify your kernel is compiled with file capabilities support: Invalid argument
E/art     (12635): prctl(PR_CAPBSET_DROP) failed with EINVAL. Please verify your kernel is compiled with file capabilities support: Invalid argument
E/art     (12635): prctl(PR_CAPBSET_DROP) failed with EINVAL. Please verify your kernel is compiled with file capabilities support: Invalid argument
E/art     (12635): prctl(PR_CAPBSET_DROP) failed with EINVAL. Please verify your kernel is compiled with file capabilities support: Invalid argument
E/art     (12635): prctl(PR_CAPBSET_DROP) failed with EINVAL. Please verify your kernel is compiled with file capabilities support: Invalid argument
E/art     (12635): prctl(PR_CAPBSET_DROP) failed with EINVAL. Please verify your kernel is compiled with file capabilities support: Invalid argument
E/art     (12635): prctl(PR_CAPBSET_DROP) failed with EINVAL. Please verify your kernel is compiled with file capabilities support: Invalid argument
E/art     (12635): prctl(PR_CAPBSET_DROP) failed with EINVAL. Please verify your kernel is compiled with file capabilities support: Invalid argument
E/art     (12635): prctl(PR_CAPBSET_DROP) failed with EINVAL. Please verify your kernel is compiled with file capabilities support: Invalid argument
E/art     (12635): prctl(PR_CAPBSET_DROP) failed with EINVAL. Please verify your kernel is compiled with file capabilities support: Invalid argument
E/art     (12635): prctl(PR_CAPBSET_DROP) failed with EINVAL. Please verify your kernel is compiled with file capabilities support: Invalid argument
E/art     (12635): prctl(PR_CAPBSET_DROP) failed with EINVAL. Please verify your kernel is compiled with file capabilities support: Invalid argument
E/art     (12635): prctl(PR_CAPBSET_DROP) failed with EINVAL. Please verify your kernel is compiled with file capabilities support: Invalid argument
E/art     (12635): prctl(PR_CAPBSET_DROP) failed with EINVAL. Please verify your kernel is compiled with file capabilities support: Invalid argument
E/art     (12635): prctl(PR_CAPBSET_DROP) failed with EINVAL. Please verify your kernel is compiled with file capabilities support: Invalid argument
E/art     (12635): prctl(PR_CAPBSET_DROP) failed with EINVAL. Please verify your kernel is compiled with file capabilities support: Invalid argument
E/art     (12635): prctl(PR_CAPBSET_DROP) failed with EINVAL. Please verify your kernel is compiled with file capabilities support: Invalid argument
E/art     (12635): prctl(PR_CAPBSET_DROP) failed with EINVAL. Please verify your kernel is compiled with file capabilities support: Invalid argument
