E/art     (12351): prctl(PR_CAPBSET_DROP) failed with EINVAL. Please verify your kernel is compiled with file capabilities support: Invalid argument
E/art     (12351): prctl(PR_CAPBSET_DROP) failed with EINVAL. Please verify your kernel is compiled with file capabilities support: Invalid argument
E/art     (12351): prctl(PR_CAPBSET_DROP) failed with EINVAL. Please verify your kernel is compiled with file capabilities support: Invalid argument
E/art     (12351): prctl(PR_CAPBSET_DROP) failed with EINVAL. Please verify your kernel is compiled with file capabilities support: Invalid argument
E/art     (12351): prctl(PR_CAPBSET_DROP) failed with EINVAL. Please verify your kernel is compiled with file capabilities support: Invalid argument
E/art     (12351): prctl(PR_CAPBSET_DROP) failed with EINVAL. Please verify your kernel is compiled with file capabilities support: Invalid argument
E/art     (12351): prctl(PR_CAPBSET_DROP) failed with EINVAL. Please verify your kernel is compiled with file capabilities support: Invalid argument
E/art     (12351): prctl(PR_CAPBSET_DROP) failed with EINVAL. Please verify your kernel is compiled with file capabilities support: Invalid argument
E/art     (12351): prctl(PR_CAPBSET_DROP) failed with EINVAL. Please verify your kernel is compiled with file capabilities support: Invalid argument
E/art     (12351): prctl(PR_CAPBSET_DROP) failed with EINVAL. Please verify your kernel is compiled with file capabilities support: Invalid argument
E/art     (12351): prctl(PR_CAPBSET_DROP) failed with EINVAL. Please verify your kernel is compiled with file capabilities support: Invalid argument
E/art     (12351): prctl(PR_CAPBSET_DROP) failed with EINVAL. Please verify your kernel is compiled with file capabilities support: Invalid argument
E/art     (12351): prctl(PR_CAPBSET_DROP) failed with EINVAL. Please verify your kernel is compiled with file capabilities support: Invalid argument
E/art     (12351): prctl(PR_CAPBSET_DROP) failed with EINVAL. Please verify your kernel is compiled with file capabilities support: Invalid argument
E/art     (12351): prctl(PR_CAPBSET_DROP) failed with EINVAL. Please verify your kernel is compiled with file capabilities support: Invalid argument
E/art     (12351): prctl(PR_CAPBSET_DROP) failed with EINVAL. Please verify your kernel is compiled with file capabilities support: Invalid argument
E/art     (12351): prctl(PR_CAPBSET_DROP) failed with EINVAL. Please verify your kernel is compiled with file capabilities support: Invalid argument
E/art     (12351): prctl(PR_CAPBSET_DROP) failed with EINVAL. Please verify your kernel is compiled with file capabilities support: Invalid argument
I/ActivityManager(  455): Start proc com.google.android.googlequicksearchbox:search for broadcast com.google.android.googlequicksearchbox/com.google.android.velvet.location.LocationReceiver: pid=12351 uid=10059 gids={50059, 3003, 1028, 3002, 1015}
W/ResourceType(12325): No package identifier when getting value for resource number 0x00000000
W/ResourceType(12325): No package identifier when getting value for resource number 0x00000000
W/ResourceType(12325): No package identifier when getting value for resource number 0x00000000
W/ResourceType(12325): No package identifier when getting value for resource number 0x00000000
W/ResourceType(12325): No package identifier when getting value for resource number 0x00000000
W/ResourceType(12325): No package identifier when getting value for resource number 0x00000000
D/gps_leo (  455): gps_inject_location() is called
D/gps_leo (  455): latitude=10.825617, longitude=106.719745, accuracy=133.966003
I/Choreographer(12325): Skipped 48 frames!  The application may be doing too much work on its main thread.
W/ResourceType(12325): No package identifier when getting value for resource number 0x00000000
W/ResourceType(12325): No package identifier when getting value for resource number 0x00000000
I/GCoreUlr(  889): Successfully inserted location
I/GCoreUlr(  889): Not calling LocationReportingService, hasMoved: false, elapsed millis: 1373447, request: Phone
W/ResourceType(12325): No package identifier when getting value for resource number 0x00000000
W/ResourceType(12325): No package identifier when getting value for resource number 0x00000000
W/ResourceType(12325): No package identifier when getting value for resource number 0x00000000
W/ResourceType(12325): No package identifier when getting value for resource number 0x00000000
W/ResourceType(12325): No package identifier when getting value for resource number 0x00000000
W/ResourceType(12325): No package identifier when getting value for resource number 0x00000000
W/ResourceType(12325): No package identifier when getting value for resource number 0x00000000
W/ResourceType(12325): No package identifier when getting value for resource number 0x00000000
W/ResourceType(12325): No package identifier when getting value for resource number 0x00000000
W/ResourceType(12325): No package identifier when getting value for resource number 0x00000000
W/ResourceType(12325): No package identifier when getting value for resource number 0x00000000
W/ResourceType(12325): No package identifier when getting value for resource number 0x00000000
W/ResourceType(12325): No package identifier when getting value for resource number 0x00000000
W/ResourceType(12325): No package identifier when getting value for resource number 0x00000000
W/ResourceType(12325): No package identifier when getting value for resource number 0x00000000
W/ResourceType(12325): No package identifier when getting value for resource number 0x00000000
W/ResourceType(12325): No package identifier when getting value for resource number 0x00000000
W/ResourceType(12325): No package identifier when getting value for resource number 0x00000000
W/ResourceType(12325): No package identifier when getting value for resource number 0x00000000
W/ResourceType(12325): No package identifier when getting value for resource number 0x00000000
W/ResourceType(12325): No package identifier when getting value for resource number 0x00000000
W/ResourceType(12325): No package identifier when getting value for resource number 0x00000000
I/Choreographer(12325): Skipped 38 frames!  The application may be doing too much work on its main thread.
I/art     (12325): GcCauseBackground sticky partial concurrent mark sweep GC freed 6965(423KB) AllocSpace objects, 2(32KB) LOS objects, 13% free, 3MB/4MB, paused 11.138ms total 79.803ms
E/art     (12382): prctl(PR_CAPBSET_DROP) failed with EINVAL. Please verify your kernel is compiled with file capabilities support: Invalid argument
E/art     (12382): prctl(PR_CAPBSET_DROP) failed with EINVAL. Please verify your kernel is compiled with file capabilities support: Invalid argument
E/art     (12382): prctl(PR_CAPBSET_DROP) failed with EINVAL. Please verify your kernel is compiled with file capabilities support: Invalid argument
E/art     (12382): prctl(PR_CAPBSET_DROP) failed with EINVAL. Please verify your kernel is compiled with file capabilities support: Invalid argument
E/art     (12382): prctl(PR_CAPBSET_DROP) failed with EINVAL. Please verify your kernel is compiled with file capabilities support: Invalid argument
E/art     (12382): prctl(PR_CAPBSET_DROP) failed with EINVAL. Please verify your kernel is compiled with file capabilities support: Invalid argument
E/art     (12382): prctl(PR_CAPBSET_DROP) failed with EINVAL. Please verify your kernel is compiled with file capabilities support: Invalid argument
E/art     (12382): prctl(PR_CAPBSET_DROP) failed with EINVAL. Please verify your kernel is compiled with file capabilities support: Invalid argument
E/art     (12382): prctl(PR_CAPBSET_DROP) failed with EINVAL. Please verify your kernel is compiled with file capabilities support: Invalid argument
E/art     (12382): prctl(PR_CAPBSET_DROP) failed with EINVAL. Please verify your kernel is compiled with file capabilities support: Invalid argument
E/art     (12382): prctl(PR_CAPBSET_DROP) failed with EINVAL. Please verify your kernel is compiled with file capabilities support: Invalid argument
E/art     (12382): prctl(PR_CAPBSET_DROP) failed with EINVAL. Please verify your kernel is compiled with file capabilities support: Invalid argument
E/art     (12382): prctl(PR_CAPBSET_DROP) failed with EINVAL. Please verify your kernel is compiled with file capabilities support: Invalid argument
E/art     (12382): prctl(PR_CAPBSET_DROP) failed with EINVAL. Please verify your kernel is compiled with file capabilities support: Invalid argument
E/art     (12382): prctl(PR_CAPBSET_DROP) failed with EINVAL. Please verify your kernel is compiled with file capabilities support: Invalid argument
E/art     (12382): prctl(PR_CAPBSET_DROP) failed with EINVAL. Please verify your kernel is compiled with file capabilities support: Invalid argument
E/art     (12382): prctl(PR_CAPBSET_DROP) failed with EINVAL. Please verify your kernel is compiled with file capabilities support: Invalid argument
E/art     (12382): prctl(PR_CAPBSET_DROP) failed with EINVAL. Please verify your kernel is compiled with file capabilities support: Invalid argument
E/art     (12382): prctl(PR_CAPBSET_DROP) failed with EINVAL. Please verify your kernel is compiled with file capabilities support: Invalid argument
E/art     (12382): prctl(PR_CAPBSET_DROP) failed with EINVAL. Please verify your kernel is compiled with file capabilities support: Invalid argument
E/art     (12382): prctl(PR_CAPBSET_DROP) failed with EINVAL. Please verify your kernel is compiled with file capabilities support: Invalid argument
E/art     (12382): prctl(PR_CAPBSET_DROP) failed with EINVAL. Please verify your kernel is compiled with file capabilities support: Invalid argument
E/art     (12382): prctl(PR_CAPBSET_DROP) failed with EINVAL. Please verify your kernel is compiled with file capabilities support: Invalid argument
E/art     (12382): prctl(PR_CAPBSET_DROP) failed with EINVAL. Please verify your kernel is compiled with file capabilities support: Invalid argument
E/art     (12382): prctl(PR_CAPBSET_DROP) failed with EINVAL. Please verify your kernel is compiled with file capabilities support: Invalid argument
E/art     (12382): prctl(PR_CAPBSET_DROP) failed with EINVAL. Please verify your kernel is compiled with file capabilities support: Invalid argument
E/art     (12382): prctl(PR_CAPBSET_DROP) failed with EINVAL. Please verify your kernel is compiled with file capabilities support: Invalid argument
E/art     (12382): prctl(PR_CAPBSET_DROP) failed with EINVAL. Please verify your kernel is compiled with file capabilities support: Invalid argument
E/art     (12382): prctl(PR_CAPBSET_DROP) failed with EINVAL. Please verify your kernel is compiled with file capabilities support: Invalid argument
E/art     (12382): prctl(PR_CAPBSET_DROP) failed with EINVAL. Please verify your kernel is compiled with file capabilities support: Invalid argument
E/art     (12382): prctl(PR_CAPBSET_DROP) failed with EINVAL. Please verify your kernel is compiled with file capabilities support: Invalid argument
E/art     (12382): prctl(PR_CAPBSET_DROP) failed with EINVAL. Please verify your kernel is compiled with file capabilities support: Invalid argument
E/art     (12382): prctl(PR_CAPBSET_DROP) failed with EINVAL. Please verify your kernel is compiled with file capabilities support: Invalid argument
E/art     (12382): prctl(PR_CAPBSET_DROP) failed with EINVAL. Please verify your kernel is compiled with file capabilities support: Invalid argument
I/ActivityManager(  455): Start proc com.google.android.partnersetup for content provider com.google.android.partnersetup/.RlzAppProvider: pid=12382 uid=10010 gids={50010, 3003}
W/ResourceType(12325): No package identifier when getting value for resource number 0x00000000
W/ResourceType(12325): No package identifier when getting value for resource number 0x00000000
W/ResourceType(12325): No package identifier when getting value for resource number 0x00000000
W/ResourceType(12325): No package identifier when getting value for resource number 0x00000000
I/ActivityManager(12325): Timeline: Activity_idle id: android.os.BinderProxy@64909938 time:1599450
I/art     (12325): GcCauseExplicit concurrent mark sweep GC freed 3653(253KB) AllocSpace objects, 3(48KB) LOS objects, 8% free, 4MB/4MB, paused 14.343ms total 70.678ms
W/Sidekick_LocationOracleImpl(12351): Not started: ignore location
I/ActivityManager(  455): Killing 12351:com.google.android.googlequicksearchbox:search/u0a59 (adj 11): empty #2
I/ActivityManager(  455): Killing 11234:jackpal.androidterm/u0a97 (adj 13): empty #3
I/ActivityManager(  455): Delay finish: com.xiam.snapdragon.app/com.xiam.consia.client.receivers.CaptureEventServiceReceiver
I/ActivityManager(  455): Resuming delayed broadcast
I/ActivityManager(12325): Timeline: Activity_launch_request id:com.estrongs.android.pop time:1604213
I/ActivityManager(  455): START u0 {act=android.intent.action.VIEW cat=[android.intent.category.DEFAULT] dat=file:///storage/sdcard0/dmesg.txt typ=text/plain flg=0x10000000 cmp=com.estrongs.android.pop/.app.editor.PopNoteEditor (has extras)} from pid 12325
W/ResourceType(12325): No package identifier when getting value for resource number 0x00000000
W/ResourceType(12325): No package identifier when getting value for resource number 0x00000000
W/ResourceType(12325): No package identifier when getting value for resource number 0x00000000
W/ResourceType(12325): No package identifier when getting value for resource number 0x00000000
W/ResourceType(12325): No package identifier when getting value for resource number 0x00000000
W/ResourceType(12325): No package identifier when getting value for resource number 0x00000000
W/ResourceType(12325): No package identifier when getting value for resource number 0x00000000
W/ResourceType(12325): No package identifier when getting value for resource number 0x00000000
W/ResourceType(12325): No package identifier when getting value for resource number 0x00000000
W/ResourceType(12325): No package identifier when getting value for resource number 0x00000000
W/ResourceType(12325): No package identifier when getting value for resource number 0x00000000
W/ResourceType(12325): No package identifier when getting value for resource number 0x00000000
W/ResourceType(12325): No package identifier when getting value for resource number 0x00000000
W/ResourceType(12325): No package identifier when getting value for resource number 0x00000000
W/ResourceType(12325): No package identifier when getting value for resource number 0x00000000
W/ResourceType(12325): No package identifier when getting value for resource number 0x00000000
W/ResourceType(12325): No package identifier when getting value for resource number 0x00000000
W/ResourceType(12325): No package identifier when getting value for resource number 0x00000000
W/ResourceType(12325): No package identifier when getting value for resource number 0x00000000
I/ActivityManager(  455): Displayed com.estrongs.android.pop/.app.editor.PopNoteEditor: +350ms
I/ActivityManager(  455): Timeline: Activity_windows_visible id: ActivityRecord{651fe7b8 u0 com.estrongs.android.pop/.app.editor.PopNoteEditor t30} time:1604611
I/ActivityManager(12325): Timeline: Activity_idle id: android.os.BinderProxy@64b3eac8 time:1604642
I/ActivityManager(  455): Delay finish: com.xiam.snapdragon.app/com.xiam.consia.client.receivers.CaptureEventServiceReceiver
I/ActivityManager(  455): Resuming delayed broadcast
W/System.err(12325): java.lang.IllegalStateException
W/System.err(12325): 	at com.estrongs.android.pop.app.editor.PopNoteEditor.a(Unknown Source)
W/System.err(12325): 	at com.estrongs.android.pop.app.editor.PopNoteEditor.a(Unknown Source)
W/System.err(12325): 	at com.estrongs.android.pop.app.editor.PopNoteEditor.a(Unknown Source)
W/System.err(12325): 	at com.estrongs.android.pop.app.editor.PopNoteEditor.a(Unknown Source)
W/System.err(12325): 	at com.estrongs.android.pop.app.editor.PopNoteEditor.j(Unknown Source)
W/System.err(12325): 	at com.estrongs.android.pop.app.editor.PopNoteEditor.J(Unknown Source)
W/System.err(12325): 	at com.estrongs.android.pop.app.editor.ad.run(Unknown Source)
E/PopNoteEditor(12325): ProgressThread invalid progress
I/art     (12325): GcCauseBackground sticky partial concurrent mark sweep GC freed 4649(809KB) AllocSpace objects, 2(32KB) LOS objects, 17% free, 4MB/5MB, paused 16.387ms total 88.928ms
I/ActivityManager(  455): Delay finish: com.xiam.snapdragon.app/com.xiam.consia.client.receivers.CaptureEventServiceReceiver
I/ActivityManager(  455): Resuming delayed broadcast
I/art     ( 2231): Heap trim of managed (duration=1.586914ms, advised=236KB) and native (duration=3.234863ms, advised=172KB) heaps. Managed heap utilization of 43%.
I/ActivityManager(  455): Delay finish: com.xiam.snapdragon.app/com.xiam.consia.client.receivers.CaptureEventServiceReceiver
I/ActivityManager(  455): Resuming delayed broadcast
I/ActivityManager(  455): Delay finish: com.xiam.snapdragon.app/com.xiam.consia.client.receivers.CaptureEventServiceReceiver
I/ActivityManager(  455): Resuming delayed broadcast
W/ContextImpl( 6735): Implicit intents with startService are not safe: Intent { act=com.viber.voip.action.VIBER_SERVICE } android.content.ContextWrapper.startService:494 com.viber.service.VoipConnectorService$5$2.run:-1 android.os.Handler.handleCallback:733 
W/art     ( 6735): Thread[32,tid=6958,Native,Thread*=0x2a702468,peer=0x64c89dd8,"Thread-1775"] attached without supplying a name
W/art     ( 6735): Thread[32,tid=6958,Native,Thread*=0x2a702468,peer=0x64c8b558,"Thread-1776"] attached without supplying a name
W/art     ( 6735): Thread[32,tid=6958,Native,Thread*=0x2a702468,peer=0x64c8e278,"Thread-1777"] attached without supplying a name
W/art     ( 6735): Thread[32,tid=6958,Native,Thread*=0x2a702468,peer=0x64c90848,"Thread-1778"] attached without supplying a name
W/art     ( 6735): Thread[32,tid=6958,Native,Thread*=0x2a702468,peer=0x64c92f48,"Thread-1779"] attached without supplying a name
W/art     ( 6735): Thread[32,tid=6958,Native,Thread*=0x2a702468,peer=0x64c96bc8,"Thread-1780"] attached without supplying a name
W/art     ( 6735): Thread[32,tid=6929,Native,Thread*=0x2a702468,peer=0x64a218f0,"Thread-1781"] attached without supplying a name
W/art     ( 6735): Thread[32,tid=6929,Native,Thread*=0x2a702468,peer=0x64c52120,"Thread-1782"] attached without supplying a name
W/art     ( 6735): Thread[32,tid=6929,Native,Thread*=0x2a702468,peer=0x64c44d60,"Thread-1783"] attached without supplying a name
W/art     ( 6735): Thread[32,tid=6929,Native,Thread*=0x2a702468,peer=0x64a8d710,"Thread-1784"] attached without supplying a name
W/art     ( 6735): Thread[32,tid=6958,Native,Thread*=0x2a702468,peer=0x64bb2ea0,"Thread-1785"] attached without supplying a name
W/art     ( 6735): Thread[32,tid=6958,Native,Thread*=0x2a702468,peer=0x64a86230,"Thread-1786"] attached without supplying a name
W/art     ( 6735): Thread[32,tid=6958,Native,Thread*=0x2a702468,peer=0x64c60ef0,"Thread-1787"] attached without supplying a name
W/art     ( 6735): Thread[32,tid=6958,Native,Thread*=0x2a702468,peer=0x64c61a90,"Thread-1788"] attached without supplying a name
W/art     ( 6735): Thread[32,tid=6958,Native,Thread*=0x2a702468,peer=0x64c6c8a8,"Thread-1789"] attached without supplying a name
W/art     ( 6735): Thread[32,tid=6958,Native,Thread*=0x2a702468,peer=0x64c04e30,"Thread-1790"] attached without supplying a name
W/art     ( 6735): Thread[32,tid=6958,Native,Thread*=0x2a702468,peer=0x64c2e700,"Thread-1791"] attached without supplying a name
W/art     ( 6735): Thread[32,tid=6958,Native,Thread*=0x2a702468,peer=0x64c3e5f8,"Thread-1792"] attached without supplying a name
W/art     ( 6735): Thread[32,tid=6958,Native,Thread*=0x2a702468,peer=0x64bd3e20,"Thread-1793"] attached without supplying a name
W/art     ( 6735): Thread[32,tid=6958,Native,Thread*=0x2a702468,peer=0x64d26138,"Thread-1794"] attached without supplying a name
W/art     ( 6735): Thread[32,tid=6929,Native,Thread*=0x2a702468,peer=0x64bc8520,"Thread-1795"] attached without supplying a name
W/art     ( 6735): Thread[32,tid=6929,Native,Thread*=0x2a702468,peer=0x64a210c0,"Thread-1796"] attached without supplying a name
W/art     ( 6735): Thread[32,tid=6958,Native,Thread*=0x2a702468,peer=0x64a5f738,"Thread-1797"] attached without supplying a name
W/art     ( 6735): Thread[32,tid=6958,Native,Thread*=0x2a702468,peer=0x64b9be48,"Thread-1798"] attached without supplying a name
W/art     ( 6735): Thread[32,tid=6958,Native,Thread*=0x2a702468,peer=0x6490c060,"Thread-1799"] attached without supplying a name
W/art     ( 6735): Thread[32,tid=6958,Native,Thread*=0x2a702468,peer=0x64a19908,"Thread-1801"] attached without supplying a name
W/art     ( 6735): Thread[32,tid=6958,Native,Thread*=0x2a702468,peer=0x64a20fd8,"Thread-1802"] attached without supplying a name
W/art     ( 6735): Thread[33,tid=6929,Native,Thread*=0x2a7148b0,peer=0x649bdff8,"Thread-1800"] attached without supplying a name
W/art     ( 6735): Thread[33,tid=6929,Native,Thread*=0x2a7148b0,peer=0x64b32768,"Thread-1803"] attached without supplying a name
W/art     ( 6735): Thread[32,tid=6958,Native,Thread*=0x2a702468,peer=0x648f3400,"Thread-1804"] attached without supplying a name
W/art     ( 6735): Thread[32,tid=6958,Native,Thread*=0x2a702468,peer=0x64b6d088,"Thread-1805"] attached without supplying a name
W/art     ( 6735): Thread[32,tid=6958,Native,Thread*=0x2a702468,peer=0x64c375a8,"Thread-1806"] attached without supplying a name
W/art     ( 6735): Thread[32,tid=6958,Native,Thread*=0x2a702468,peer=0x64c0a268,"Thread-1807"] attached without supplying a name
W/art     ( 6735): Thread[32,tid=6958,Native,Thread*=0x2a702468,peer=0x64c25758,"Thread-1808"] attached without supplying a name
W/art     ( 6735): Thread[32,tid=6958,Native,Thread*=0x2a702468,peer=0x64b5a1c0,"Thread-1809"] attached without supplying a name
W/art     ( 6735): Thread[32,tid=6958,Native,Thread*=0x2a702468,peer=0x64c6d150,"Thread-1810"] attached without supplying a name
W/art     ( 6735): Thread[32,tid=6958,Native,Thread*=0x2a702468,peer=0x64c66760,"Thread-1811"] attached without supplying a name
W/System.err(12325): java.lang.IllegalStateException
W/System.err(12325): 	at com.estrongs.android.pop.app.editor.PopNoteEditor.a(Unknown Source)
W/System.err(12325): 	at com.estrongs.android.pop.app.editor.PopNoteEditor.a(Unknown Source)
W/System.err(12325): 	at com.estrongs.android.pop.app.editor.PopNoteEditor.a(Unknown Source)
W/System.err(12325): 	at com.estrongs.android.pop.app.editor.PopNoteEditor.j(Unknown Source)
W/System.err(12325): 	at com.estrongs.android.pop.app.editor.PopNoteEditor.J(Unknown Source)
W/System.err(12325): 	at com.estrongs.android.pop.app.editor.ad.run(Unknown Source)
E/PopNoteEditor(12325): ProgressThread invalid progress
W/System.err(12325): java.lang.IllegalStateException
W/System.err(12325): 	at com.estrongs.android.pop.app.editor.PopNoteEditor.a(Unknown Source)
W/System.err(12325): 	at com.estrongs.android.pop.app.editor.PopNoteEditor.a(Unknown Source)
W/System.err(12325): 	at com.estrongs.android.pop.app.editor.PopNoteEditor.j(Unknown Source)
W/System.err(12325): 	at com.estrongs.android.pop.app.editor.PopNoteEditor.J(Unknown Source)
W/System.err(12325): 	at com.estrongs.android.pop.app.editor.ad.run(Unknown Source)
E/PopNoteEditor(12325): ProgressThread invalid progress
D/AK8973  (   91): Compass Start
I/ActivityManager(  455): Delay finish: com.xiam.snapdragon.app/com.xiam.consia.client.receivers.CaptureEventServiceReceiver
I/ActivityManager(  455): Resuming delayed broadcast
D/gps_leo (  455): gps_inject_location() is called
D/gps_leo (  455): latitude=10.825620, longitude=106.719747, accuracy=46.146999
I/GCoreUlr(  889): Successfully inserted location
I/GCoreUlr(  889): Not calling LocationReportingService, hasMoved: false, elapsed millis: 1433014, request: Phone
I/art     ( 2231): Heap trim of managed (duration=1.678467ms, advised=220KB) and native (duration=3.295899ms, advised=172KB) heaps. Managed heap utilization of 42%.
I/art     (  889): Heap trim of managed (duration=7.293701ms, advised=88KB) and native (duration=2.471924ms, advised=76KB) heaps. Managed heap utilization of 73%.
I/ActivityManager(  455): Delay finish: com.xiam.snapdragon.app/com.xiam.consia.client.receivers.CaptureEventServiceReceiver
D/AK8973  (   91): Compass CLOSE 
I/ActivityManager(  455): Resuming delayed broadcast
I/ActivityManager(  455): Timeline: Activity_windows_visible id: ActivityRecord{64a26510 u0 com.estrongs.android.pop/.view.FileExplorerActivity t30} time:1661547
I/ActivityManager(12325): Timeline: Activity_idle id: android.os.BinderProxy@64909938 time:1661588
D/AK8973  (   91): Compass Start
D/AK8973  (   91): Compass CLOSE 
I/ActivityManager(12325): Timeline: Activity_launch_request id:com.estrongs.android.pop time:1671531
I/ActivityManager(  455): START u0 {act=android.intent.action.VIEW cat=[android.intent.category.DEFAULT] dat=file:///storage/sdcard0/logcat.txt typ=text/plain flg=0x10000000 cmp=com.estrongs.android.pop/.app.editor.PopNoteEditor (has extras)} from pid 12325
W/ResourceType(12325): No package identifier when getting value for resource number 0x00000000
W/ResourceType(12325): No package identifier when getting value for resource number 0x00000000
W/ResourceType(12325): No package identifier when getting value for resource number 0x00000000
W/ResourceType(12325): No package identifier when getting value for resource number 0x00000000
W/ResourceType(12325): No package identifier when getting value for resource number 0x00000000
W/ResourceType(12325): No package identifier when getting value for resource number 0x00000000
W/ResourceType(12325): No package identifier when getting value for resource number 0x00000000
W/ResourceType(12325): No package identifier when getting value for resource number 0x00000000
W/ResourceType(12325): No package identifier when getting value for resource number 0x00000000
W/ResourceType(12325): No package identifier when getting value for resource number 0x00000000
W/ResourceType(12325): No package identifier when getting value for resource number 0x00000000
W/ResourceType(12325): No package identifier when getting value for resource number 0x00000000
W/ResourceType(12325): No package identifier when getting value for resource number 0x00000000
W/ResourceType(12325): No package identifier when getting value for resource number 0x00000000
W/ResourceType(12325): No package identifier when getting value for resource number 0x00000000
W/ResourceType(12325): No package identifier when getting value for resource number 0x00000000
W/ResourceType(12325): No package identifier when getting value for resource number 0x00000000
W/ResourceType(12325): No package identifier when getting value for resource number 0x00000000
W/ResourceType(12325): No package identifier when getting value for resource number 0x00000000
I/ActivityManager(  455): Displayed com.estrongs.android.pop/.app.editor.PopNoteEditor: +677ms
I/ActivityManager(  455): Timeline: Activity_windows_visible id: ActivityRecord{64d82fb0 u0 com.estrongs.android.pop/.app.editor.PopNoteEditor t30} time:1672245
I/ActivityManager(12325): Timeline: Activity_idle id: android.os.BinderProxy@64ae66f0 time:1672720
D/AK8973  (   91): Compass Start
I/ActivityManager(  455): Delay finish: com.xiam.snapdragon.app/com.xiam.consia.client.receivers.CaptureEventServiceReceiver
I/art     (11154): Heap trim of managed (duration=18.798828ms, advised=376KB) and native (duration=2.838134ms, advised=0B) heaps. Managed heap utilization of 69%.
I/ActivityManager(  455): Resuming delayed broadcast
I/art     (  889): Heap trim of managed (duration=7.965088ms, advised=204KB) and native (duration=4.547120ms, advised=76KB) heaps. Managed heap utilization of 75%.
D/AK8973  (   91): Compass CLOSE 
D/AK8973  (   91): Compass Start
I/ActivityManager(  455): Delay finish: com.xiam.snapdragon.app/com.xiam.consia.client.receivers.CaptureEventServiceReceiver
I/ActivityManager(  455): Resuming delayed broadcast
D/AK8973  (   91): Compass CLOSE 
I/art     ( 2231): Heap trim of managed (duration=1.617432ms, advised=224KB) and native (duration=3.295898ms, advised=172KB) heaps. Managed heap utilization of 43%.
I/art     (  455): Heap trim of managed (duration=31.799318ms, advised=1052KB) and native (duration=4.272461ms, advised=428KB) heaps. Managed heap utilization of 79%.
I/ActivityManager(  455): Delay finish: com.google.android.gsf/.checkin.EventLogService$Receiver
I/EventLogService(  867): Aggregate from 1389368970724 (log), 1389368677734 (data)
I/ActivityManager(  455): Resuming delayed broadcast
I/ActivityManager(  455): Delay finish: com.xiam.snapdragon.app/com.xiam.consia.battery.app.receivers.AppRefreshServiceReceiver
I/art     (11154): Heap trim of managed (duration=9.368896ms, advised=236KB) and native (duration=22.369385ms, advised=0B) heaps. Managed heap utilization of 78%.
I/SNAPDRAGON(11154): AppRefreshService.doWakefulWork: service starts
I/SNAPDRAGON(11154): AppRefreshService.doWakefulWork: passed airplane mode check.
I/SNAPDRAGON(11154): AppRefreshService.doWakefulWork: handling app refresh
W/ContextImpl(11154): Implicit intents with startService are not safe: Intent { act=com.xiam.consia.client.queryapi.aidl.ConsiaService (has extras) } android.content.ContextWrapper.bindService:517 com.xiam.consia.client.queryapi.impl.ConsiaBinderFactory$1.doBindService:61 com.xiam.consia.client.queryapi.ConsiaAPIFactory.getPredictManager:44 
I/System.out(11154): Caching is: true for entities: class com.xiam.consia.battery.app.data.entities.AppRefreshSyncProviderToAppEntity
I/System.out(11154): Lazy loaded DAO: com.xiam.consia.battery.app.data.dao.AppRefreshSyncProviderToAppDao@64d32890 for interface class: class com.xiam.consia.battery.app.data.dao.AppRefreshSyncProviderToAppDao
I/System.out(11154): Created a new cache for entities from table: AppRefreshSyncProviderToApp, maximumSize: 200, cacheInvalidationTime: 300
W/System.err(12325): java.lang.IllegalStateException
W/System.err(12325): 	at com.estrongs.android.pop.app.editor.PopNoteEditor.a(Unknown Source)
W/System.err(12325): 	at com.estrongs.android.pop.app.editor.PopNoteEditor.a(Unknown Source)
W/System.err(12325): 	at com.estrongs.android.pop.app.editor.PopNoteEditor.j(Unknown Source)
W/System.err(12325): 	at com.estrongs.android.pop.app.editor.PopNoteEditor.J(Unknown Source)
W/System.err(12325): 	at com.estrongs.android.pop.app.editor.ad.run(Unknown Source)
E/PopNoteEditor(12325): ProgressThread invalid progress
I/System.out(11154): Caching is: false for entities: class com.xiam.consia.battery.app.data.entities.AppRefreshStateEntity
I/System.out(11154): Lazy loaded DAO: com.xiam.consia.battery.app.data.dao.AppRefreshStateDao@64da1f20 for interface class: class com.xiam.consia.battery.app.data.dao.AppRefreshStateDao
I/System.out(11154): Created a new cache for entities from table: AppRefreshState, maximumSize: 200, cacheInvalidationTime: 300
I/SNAPDRAGON(11154): AppRefreshService.handleAppRefresh: NOT time to do super run. App records may be slightly stale.
I/art     (11154): Heap trim of managed (duration=12.603759ms, advised=56KB) and native (duration=10.375977ms, advised=0B) heaps. Managed heap utilization of 84%.
I/SNAPDRAGON(11154): MLPredictionImpl: useApps:currentTime1389370504238apps[com.android.contacts, com.google.android.calendar, com.chrome.beta, com.android.email, com.google.android.gm]timePeriod1800000installTime[1389151905617, 1389151905617, 1389151905617, 1389151905617, 1389151905617]
I/SNAPDRAGON(11154): AppRefreshService.doWakefulWork: service finish.
I/ActivityManager(  455): Resuming delayed broadcast
I/ActivityManager(  455): Delay finish: com.xiam.snapdragon.app/com.xiam.consia.client.receivers.CaptureFeatureServiceReceiver
I/ActivityManager(  455): Resuming delayed broadcast
I/ActivityManager(  455): Delay finish: com.xiam.snapdragon.app/com.xiam.consia.client.receivers.CaptureEventServiceReceiver
I/ActivityManager(  455): Resuming delayed broadcast
W/art     (   86): Could not get current activity
E/art     (12449): prctl(PR_CAPBSET_DROP) failed with EINVAL. Please verify your kernel is compiled with file capabilities support: Invalid argument
E/art     (12449): prctl(PR_CAPBSET_DROP) failed with EINVAL. Please verify your kernel is compiled with file capabilities support: Invalid argument
E/art     (12449): prctl(PR_CAPBSET_DROP) failed with EINVAL. Please verify your kernel is compiled with file capabilities support: Invalid argument
E/art     (12449): prctl(PR_CAPBSET_DROP) failed with EINVAL. Please verify your kernel is compiled with file capabilities support: Invalid argument
E/art     (12449): prctl(PR_CAPBSET_DROP) failed with EINVAL. Please verify your kernel is compiled with file capabilities support: Invalid argument
E/art     (12449): prctl(PR_CAPBSET_DROP) failed with EINVAL. Please verify your kernel is compiled with file capabilities support: Invalid argument
E/art     (12449): prctl(PR_CAPBSET_DROP) failed with EINVAL. Please verify your kernel is compiled with file capabilities support: Invalid argument
E/art     (12449): prctl(PR_CAPBSET_DROP) failed with EINVAL. Please verify your kernel is compiled with file capabilities support: Invalid argument
E/art     (12449): prctl(PR_CAPBSET_DROP) failed with EINVAL. Please verify your kernel is compiled with file capabilities support: Invalid argument
E/art     (12449): prctl(PR_CAPBSET_DROP) failed with EINVAL. Please verify your kernel is compiled with file capabilities support: Invalid argument
E/art     (12449): prctl(PR_CAPBSET_DROP) failed with EINVAL. Please verify your kernel is compiled with file capabilities support: Invalid argument
E/art     (12449): prctl(PR_CAPBSET_DROP) failed with EINVAL. Please verify your kernel is compiled with file capabilities support: Invalid argument
E/art     (12449): prctl(PR_CAPBSET_DROP) failed with EINVAL. Please verify your kernel is compiled with file capabilities support: Invalid argument
E/art     (12449): prctl(PR_CAPBSET_DROP) failed with EINVAL. Please verify your kernel is compiled with file capabilities support: Invalid argument
E/art     (12449): prctl(PR_CAPBSET_DROP) failed with EINVAL. Please verify your kernel is compiled with file capabilities support: Invalid argument
E/art     (12449): prctl(PR_CAPBSET_DROP) failed with EINVAL. Please verify your kernel is compiled with file capabilities support: Invalid argument
E/art     (12449): prctl(PR_CAPBSET_DROP) failed with EINVAL. Please verify your kernel is compiled with file capabilities support: Invalid argument
E/art     (12449): prctl(PR_CAPBSET_DROP) failed with EINVAL. Please verify your kernel is compiled with file capabilities support: Invalid argument
E/art     (12449): prctl(PR_CAPBSET_DROP) failed with EINVAL. Please verify your kernel is compiled with file capabilities support: Invalid argument
E/art     (12449): prctl(PR_CAPBSET_DROP) failed with EINVAL. Please verify your kernel is compiled with file capabilities support: Invalid argument
E/art     (12449): prctl(PR_CAPBSET_DROP) failed with EINVAL. Please verify your kernel is compiled with file capabilities support: Invalid argument
E/art     (12449): prctl(PR_CAPBSET_DROP) failed with EINVAL. Please verify your kernel is compiled with file capabilities support: Invalid argument
E/art     (12449): prctl(PR_CAPBSET_DROP) failed with EINVAL. Please verify your kernel is compiled with file capabilities support: Invalid argument
E/art     (12449): prctl(PR_CAPBSET_DROP) failed with EINVAL. Please verify your kernel is compiled with file capabilities support: Invalid argument
E/art     (12449): prctl(PR_CAPBSET_DROP) failed with EINVAL. Please verify your kernel is compiled with file capabilities support: Invalid argument
E/art     (12449): prctl(PR_CAPBSET_DROP) failed with EINVAL. Please verify your kernel is compiled with file capabilities support: Invalid argument
E/art     (12449): prctl(PR_CAPBSET_DROP) failed with EINVAL. Please verify your kernel is compiled with file capabilities support: Invalid argument
E/art     (12449): prctl(PR_CAPBSET_DROP) failed with EINVAL. Please verify your kernel is compiled with file capabilities support: Invalid argument
E/art     (12449): prctl(PR_CAPBSET_DROP) failed with EINVAL. Please verify your kernel is compiled with file capabilities support: Invalid argument
E/art     (12449): prctl(PR_CAPBSET_DROP) failed with EINVAL. Please verify your kernel is compiled with file capabilities support: Invalid argument
E/art     (12449): prctl(PR_CAPBSET_DROP) failed with EINVAL. Please verify your kernel is compiled with file capabilities support: Invalid argument
E/art     (12449): prctl(PR_CAPBSET_DROP) failed with EINVAL. Please verify your kernel is compiled with file capabilities support: Invalid argument
E/art     (12449): prctl(PR_CAPBSET_DROP) failed with EINVAL. Please verify your kernel is compiled with file capabilities support: Invalid argument
E/art     (12449): prctl(PR_CAPBSET_DROP) failed with EINVAL. Please verify your kernel is compiled with file capabilities support: Invalid argument
I/ActivityManager(  455): Start proc com.android.deskclock for broadcast com.android.deskclock/com.android.alarmclock.DigitalAppWidgetProvider: pid=12449 uid=10033 gids={50033, 1028, 3003}
I/ActivityManager(  455): Killing 12382:com.google.android.partnersetup/u0a10 (adj 11): empty #2
I/ActivityManager(  455): Delay finish: com.xiam.snapdragon.app/com.xiam.consia.client.receivers.CaptureEventServiceReceiver
I/ActivityManager(  455): Resuming delayed broadcast
I/ActivityManager(  455): Delay finish: com.xiam.snapdragon.app/com.xiam.consia.client.receivers.CaptureEventServiceReceiver
I/ActivityManager(  455): Resuming delayed broadcast
I/art     (  889): Heap trim of managed (duration=7.690429ms, advised=84KB) and native (duration=2.807618ms, advised=76KB) heaps. Managed heap utilization of 73%.
D/gps_leo (  455): gps_inject_location() is called
D/gps_leo (  455): latitude=10.825613, longitude=106.719727, accuracy=47.916000
I/GCoreUlr(  889): Successfully inserted location
I/GCoreUlr(  889): Not calling LocationReportingService, hasMoved: false, elapsed millis: 1493141, request: Phone
I/ActivityManager(  455): Delay finish: com.xiam.snapdragon.app/com.xiam.consia.client.receivers.CaptureEventServiceReceiver
I/ActivityManager(  455): Resuming delayed broadcast
I/art     (11154): Heap trim of managed (duration=15.563965ms, advised=216KB) and native (duration=2.441406ms, advised=400KB) heaps. Managed heap utilization of 80%.
I/art     ( 2231): Heap trim of managed (duration=2.105713ms, advised=228KB) and native (duration=5.554199ms, advised=176KB) heaps. Managed heap utilization of 43%.
I/ActivityManager(  455): Delay finish: com.xiam.snapdragon.app/com.xiam.consia.client.receivers.CaptureEventServiceReceiver
I/ActivityManager(  455): Resuming delayed broadcast
I/ActivityManager(  455): Delay finish: com.xiam.snapdragon.app/com.xiam.consia.client.receivers.CaptureEventServiceReceiver
I/ActivityManager(  455): Resuming delayed broadcast
I/ActivityManager(  455): Delay finish: com.xiam.snapdragon.app/com.xiam.consia.client.receivers.CaptureEventServiceReceiver
I/ActivityManager(  455): Resuming delayed broadcast
W/System.err(12325): java.lang.IllegalStateException
W/System.err(12325): 	at com.estrongs.android.pop.app.editor.PopNoteEditor.a(Unknown Source)
W/System.err(12325): 	at com.estrongs.android.pop.app.editor.PopNoteEditor.a(Unknown Source)
W/System.err(12325): 	at com.estrongs.android.pop.app.editor.PopNoteEditor.j(Unknown Source)
W/System.err(12325): 	at com.estrongs.android.pop.app.editor.PopNoteEditor.J(Unknown Source)
W/System.err(12325): 	at com.estrongs.android.pop.app.editor.ad.run(Unknown Source)
E/PopNoteEditor(12325): ProgressThread invalid progress
I/art     (  771): Heap trim of managed (duration=11.169434ms, advised=0B) and native (duration=4.638672ms, advised=1020KB) heaps. Managed heap utilization of 86%.
I/art     ( 2231): Heap trim of managed (duration=1.586914ms, advised=236KB) and native (duration=3.173828ms, advised=180KB) heaps. Managed heap utilization of 43%.
I/ActivityManager(  455): Delay finish: com.xiam.snapdragon.app/com.xiam.consia.client.receivers.CaptureEventServiceReceiver
I/ActivityManager(  455): Resuming delayed broadcast
I/ActivityManager(  455): Timeline: Activity_windows_visible id: ActivityRecord{64a26510 u0 com.estrongs.android.pop/.view.FileExplorerActivity t30} time:1773434
I/ActivityManager(12325): Timeline: Activity_idle id: android.os.BinderProxy@64909938 time:1773489
I/art     (12325): GcCauseExplicit concurrent mark sweep GC freed 3600(729KB) AllocSpace objects, 9(216KB) LOS objects, 23% free, 4MB/5MB, paused 5.706ms total 36.743ms
I/ActivityManager(  455): Delay finish: com.xiam.snapdragon.app/.receivers.AppWidgetToggleReceiver
I/ActivityManager(  455): Resuming delayed broadcast
I/ActivityManager(  455): Delay finish: com.xiam.snapdragon.app/com.xiam.consia.client.receivers.CaptureEventServiceReceiver
I/ActivityManager(  455): Resuming delayed broadcast
D/gps_leo (  455): gps_inject_location() is called
D/gps_leo (  455): latitude=10.825624, longitude=106.719763, accuracy=132.248001
I/GCoreUlr(  889): Successfully inserted location
I/GCoreUlr(  889): Not calling LocationReportingService, hasMoved: false, elapsed millis: 1553115, request: Phone
W/ResourceType(12325): No package identifier when getting value for resource number 0x00000000
W/ResourceType(12325): No package identifier when getting value for resource number 0x00000000
W/ResourceType(12325): No package identifier when getting value for resource number 0x00000000
W/ResourceType(12325): No package identifier when getting value for resource number 0x00000000
W/ResourceType(12325): No package identifier when getting value for resource number 0x00000000
W/ResourceType(12325): No package identifier when getting value for resource number 0x00000000
W/ResourceType(12325): No package identifier when getting value for resource number 0x00000000
W/ResourceType(12325): No package identifier when getting value for resource number 0x00000000
W/ResourceType(12325): No package identifier when getting value for resource number 0x00000000
W/ResourceType(12325): No package identifier when getting value for resource number 0x00000000
W/ResourceType(12325): No package identifier when getting value for resource number 0x00000000
W/ResourceType(12325): No package identifier when getting value for resource number 0x00000000
W/ResourceType(12325): No package identifier when getting value for resource number 0x00000000
W/ResourceType(12325): No package identifier when getting value for resource number 0x00000000
W/ResourceType(12325): No package identifier when getting value for resource number 0x00000000
W/ResourceType(12325): No package identifier when getting value for resource number 0x00000000
W/ResourceType(12325): No package identifier when getting value for resource number 0x00000000
W/ResourceType(12325): No package identifier when getting value for resource number 0x00000000
W/ResourceType(12325): No package identifier when getting value for resource number 0x00000000
W/ResourceType(12325): No package identifier when getting value for resource number 0x00000000
W/ResourceType(12325): No package identifier when getting value for resource number 0x00000000
W/ResourceType(12325): No package identifier when getting value for resource number 0x00000000
W/ResourceType(12325): No package identifier when getting value for resource number 0x00000000
W/ResourceType(12325): No package identifier when getting value for resource number 0x00000000
I/ActivityManager(  455): Delay finish: com.xiam.snapdragon.app/com.xiam.consia.client.receivers.CaptureEventServiceReceiver
I/ActivityManager(  455): Resuming delayed broadcast
I/ActivityManager(12325): Timeline: Activity_launch_request id:com.estrongs.android.pop time:1779539
I/ActivityManager(  455): START u0 {cmp=com.estrongs.android.pop/.app.OpenRecomm (has extras)} from pid 12325
W/ResourceType(12325): No package identifier when getting value for resource number 0x00000000
W/ResourceType(12325): No package identifier when getting value for resource number 0x00000000
W/ResourceType(12325): No package identifier when getting value for resource number 0x00000000
W/ResourceType(12325): No package identifier when getting value for resource number 0x00000000
W/ResourceType(12325): No package identifier when getting value for resource number 0x00000000
W/ResourceType(12325): No package identifier when getting value for resource number 0x00000000
W/ResourceType(12325): No package identifier when getting value for resource number 0x00000000
W/ResourceType(12325): No package identifier when getting value for resource number 0x00000000
I/ActivityManager(  455): Displayed com.estrongs.android.pop/.app.OpenRecomm: +2s173ms
I/ActivityManager(  455): Timeline: Activity_windows_visible id: ActivityRecord{64cd8260 u0 com.estrongs.android.pop/.app.OpenRecomm t30} time:1781753
I/ActivityManager(12325): Timeline: Activity_idle id: android.os.BinderProxy@64cbe0c8 time:1781790
I/ActivityManager(12325): Timeline: Activity_launch_request id:com.estrongs.android.pop time:1782941
I/ActivityManager(  455): START u0 {act=android.intent.action.VIEW cat=[android.intent.category.DEFAULT] dat=file:///storage/sdcard0/last_kmsg typ=text/plain flg=0x10000000 cmp=com.estrongs.android.pop/.app.editor.PopNoteEditor (has extras)} from pid 12325
W/ResourceType(12325): No package identifier when getting value for resource number 0x00000000
W/ResourceType(12325): No package identifier when getting value for resource number 0x00000000
W/ResourceType(12325): No package identifier when getting value for resource number 0x00000000
W/ResourceType(12325): No package identifier when getting value for resource number 0x00000000
W/ResourceType(12325): No package identifier when getting value for resource number 0x00000000
W/ResourceType(12325): No package identifier when getting value for resource number 0x00000000
W/ResourceType(12325): No package identifier when getting value for resource number 0x00000000
W/ResourceType(12325): No package identifier when getting value for resource number 0x00000000
W/ResourceType(12325): No package identifier when getting value for resource number 0x00000000
W/ResourceType(12325): No package identifier when getting value for resource number 0x00000000
W/ResourceType(12325): No package identifier when getting value for resource number 0x00000000
W/ResourceType(12325): No package identifier when getting value for resource number 0x00000000
W/ResourceType(12325): No package identifier when getting value for resource number 0x00000000
W/ResourceType(12325): No package identifier when getting value for resource number 0x00000000
W/ResourceType(12325): No package identifier when getting value for resource number 0x00000000
W/ResourceType(12325): No package identifier when getting value for resource number 0x00000000
W/ResourceType(12325): No package identifier when getting value for resource number 0x00000000
W/ResourceType(12325): No package identifier when getting value for resource number 0x00000000
W/ResourceType(12325): No package identifier when getting value for resource number 0x00000000
I/ActivityManager(  455): Displayed com.estrongs.android.pop/.app.editor.PopNoteEditor: +1s269ms
I/ActivityManager(  455): Timeline: Activity_windows_visible id: ActivityRecord{6530c520 u0 com.estrongs.android.pop/.app.editor.PopNoteEditor t30} time:1784234
I/Choreographer(12325): Skipped 32 frames!  The application may be doing too much work on its main thread.
I/ActivityManager(12325): Timeline: Activity_idle id: android.os.BinderProxy@64c610b0 time:1784960
I/art     ( 2231): Heap trim of managed (duration=1.892089ms, advised=244KB) and native (duration=5.523682ms, advised=176KB) heaps. Managed heap utilization of 42%.
I/ActivityManager(  455): Delay finish: com.xiam.snapdragon.app/com.xiam.consia.client.receivers.CaptureEventServiceReceiver
I/ActivityManager(  455): Resuming delayed broadcast
I/ActivityManager(  455): Delay finish: com.xiam.snapdragon.app/com.xiam.consia.client.receivers.CaptureEventServiceReceiver
I/ActivityManager(  455): Resuming delayed broadcast
I/ActivityManager(  455): Delay finish: com.xiam.snapdragon.app/com.xiam.consia.client.receivers.CaptureEventServiceReceiver
I/ActivityManager(  455): Resuming delayed broadcast
I/art     ( 2231): Heap trim of managed (duration=1.525879ms, advised=236KB) and native (duration=5.126952ms, advised=176KB) heaps. Managed heap utilization of 42%.
I/ActivityManager(  455): Delay finish: com.xiam.snapdragon.app/com.xiam.consia.client.receivers.CaptureEventServiceReceiver
I/art     (11154): Heap trim of managed (duration=15.441894ms, advised=312KB) and native (duration=2.410888ms, advised=396KB) heaps. Managed heap utilization of 83%.
I/ActivityManager(  455): Resuming delayed broadcast
I/ProcessStatsService(  455): Prepared write state in 9ms
I/ActivityManager(  455): Delay finish: com.xiam.snapdragon.app/com.xiam.consia.client.receivers.CaptureEventServiceReceiver
I/ActivityManager(  455): Resuming delayed broadcast
I/ProcessStatsService(  455): Pruning old procstats: /data/system/procstats/state-2014-01-09-09-31-31.bin
I/ActivityManager(  455): Delay finish: com.xiam.snapdragon.app/com.xiam.consia.client.receivers.CaptureEventServiceReceiver
I/ActivityManager(  455): Resuming delayed broadcast
V/DeadZone(  535): consuming errant click: (401.82138,12.725464)
I/ActivityManager(  455): Timeline: Activity_windows_visible id: ActivityRecord{64a26510 u0 com.estrongs.android.pop/.view.FileExplorerActivity t30} time:1843184
I/ActivityManager(12325): Timeline: Activity_idle id: android.os.BinderProxy@64909938 time:1843206
V/DeadZone(  535): consuming errant click: (412.74957,13.570251)
