I/ActivityManager(  455): Start proc com.google.android.googlequicksearchbox:search for content provider com.google.android.googlequicksearchbox/com.google.android.search.core.summons.icing.InternalIcingCorporaProvider: pid=12143 uid=10059 gids={50059, 3003, 1028, 3002, 1015}
I/art     (  455): Heap trim of managed (duration=39.581298ms, advised=1132KB) and native (duration=6.225586ms, advised=540KB) heaps. Managed heap utilization of 78%.
D/su      (12166): su invoked.
D/su      (12166): starting daemon client 10097 0
D/su      (12173): su invoked.
D/su      (12173): /dev/com.android.settings/.socket12173
I/ActivityManager(  455): Killing 12120:com.google.android.partnersetup/u0a10 (adj 11): empty #2
I/art     ( 2231): Heap trim of managed (duration=1.586914ms, advised=212KB) and native (duration=5.889893ms, advised=164KB) heaps. Managed heap utilization of 44%.
I/art     (11954): Heap trim of managed (duration=2.197265ms, advised=128KB) and native (duration=2.075195ms, advised=0B) heaps. Managed heap utilization of 57%.
I/ActivityManager(  455): Killing 11954:com.google.android.gms/u0a0 (adj 11): empty #2
D/AndroidRuntime(12174): 
D/AndroidRuntime(12174): >>>>>> AndroidRuntime START com.android.internal.os.RuntimeInit <<<<<<
D/AndroidRuntime(12174): CheckJNI is OFF
E/art     (12174): Unrecognized option -XX:mainThreadStackSize=24K
E/art     (12174): Unrecognized option -Xjitcodecachesize:0
W/art     (12174): Ignoring unknown -Xgc option: precise
E/memtrack(12174): Couldn't load memtrack module (No such file or directory)
E/android.os.Debug(12174): failed to load memtrack module: -2
W/art     (12174): JNI RegisterNativeMethods: attempt to register 0 native methods for android.content.res.Configuration
D/AndroidRuntime(12174): Calling main entry com.android.commands.am.Am
I/ActivityManager(  455): START u0 {flg=0x10000000 cmp=com.android.settings/.cyanogenmod.superuser.RequestActivity (has extras)} from pid 12174
D/AndroidRuntime(12174): Shutting down VM
E/cutils-trace(12174): Error opening trace file: No such file or directory (2)
W/art     (   86): Could not get current activity
E/art     (12186): prctl(PR_CAPBSET_DROP) failed with EINVAL. Please verify your kernel is compiled with file capabilities support: Invalid argument
E/art     (12186): prctl(PR_CAPBSET_DROP) failed with EINVAL. Please verify your kernel is compiled with file capabilities support: Invalid argument
E/art     (12186): prctl(PR_CAPBSET_DROP) failed with EINVAL. Please verify your kernel is compiled with file capabilities support: Invalid argument
E/art     (12186): prctl(PR_CAPBSET_DROP) failed with EINVAL. Please verify your kernel is compiled with file capabilities support: Invalid argument
E/art     (12186): prctl(PR_CAPBSET_DROP) failed with EINVAL. Please verify your kernel is compiled with file capabilities support: Invalid argument
E/art     (12186): prctl(PR_CAPBSET_DROP) failed with EINVAL. Please verify your kernel is compiled with file capabilities support: Invalid argument
E/art     (12186): prctl(PR_CAPBSET_DROP) failed with EINVAL. Please verify your kernel is compiled with file capabilities support: Invalid argument
E/art     (12186): prctl(PR_CAPBSET_DROP) failed with EINVAL. Please verify your kernel is compiled with file capabilities support: Invalid argument
E/art     (12186): prctl(PR_CAPBSET_DROP) failed with EINVAL. Please verify your kernel is compiled with file capabilities support: Invalid argument
E/art     (12186): prctl(PR_CAPBSET_DROP) failed with EINVAL. Please verify your kernel is compiled with file capabilities support: Invalid argument
E/art     (12186): prctl(PR_CAPBSET_DROP) failed with EINVAL. Please verify your kernel is compiled with file capabilities support: Invalid argument
E/art     (12186): prctl(PR_CAPBSET_DROP) failed with EINVAL. Please verify your kernel is compiled with file capabilities support: Invalid argument
E/art     (12186): prctl(PR_CAPBSET_DROP) failed with EINVAL. Please verify your kernel is compiled with file capabilities support: Invalid argument
E/art     (12186): prctl(PR_CAPBSET_DROP) failed with EINVAL. Please verify your kernel is compiled with file capabilities support: Invalid argument
E/art     (12186): prctl(PR_CAPBSET_DROP) failed with EINVAL. Please verify your kernel is compiled with file capabilities support: Invalid argument
E/art     (12186): prctl(PR_CAPBSET_DROP) failed with EINVAL. Please verify your kernel is compiled with file capabilities support: Invalid argument
E/art     (12186): prctl(PR_CAPBSET_DROP) failed with EINVAL. Please verify your kernel is compiled with file capabilities support: Invalid argument
E/art     (12186): prctl(PR_CAPBSET_DROP) failed with EINVAL. Please verify your kernel is compiled with file capabilities support: Invalid argument
E/art     (12186): prctl(PR_CAPBSET_DROP) failed with EINVAL. Please verify your kernel is compiled with file capabilities support: Invalid argument
E/art     (12186): prctl(PR_CAPBSET_DROP) failed with EINVAL. Please verify your kernel is compiled with file capabilities support: Invalid argument
E/art     (12186): prctl(PR_CAPBSET_DROP) failed with EINVAL. Please verify your kernel is compiled with file capabilities support: Invalid argument
E/art     (12186): prctl(PR_CAPBSET_DROP) failed with EINVAL. Please verify your kernel is compiled with file capabilities support: Invalid argument
E/art     (12186): prctl(PR_CAPBSET_DROP) failed with EINVAL. Please verify your kernel is compiled with file capabilities support: Invalid argument
E/art     (12186): prctl(PR_CAPBSET_DROP) failed with EINVAL. Please verify your kernel is compiled with file capabilities support: Invalid argument
E/art     (12186): prctl(PR_CAPBSET_DROP) failed with EINVAL. Please verify your kernel is compiled with file capabilities support: Invalid argument
E/art     (12186): prctl(PR_CAPBSET_DROP) failed with EINVAL. Please verify your kernel is compiled with file capabilities support: Invalid argument
E/art     (12186): prctl(PR_CAPBSET_DROP) failed with EINVAL. Please verify your kernel is compiled with file capabilities support: Invalid argument
E/art     (12186): prctl(PR_CAPBSET_DROP) failed with EINVAL. Please verify your kernel is compiled with file capabilities support: Invalid argument
E/art     (12186): prctl(PR_CAPBSET_DROP) failed with EINVAL. Please verify your kernel is compiled with file capabilities support: Invalid argument
E/art     (12186): prctl(PR_CAPBSET_DROP) failed with EINVAL. Please verify your kernel is compiled with file capabilities support: Invalid argument
E/art     (12186): prctl(PR_CAPBSET_DROP) failed with EINVAL. Please verify your kernel is compiled with file capabilities support: Invalid argument
E/art     (12186): prctl(PR_CAPBSET_DROP) failed with EINVAL. Please verify your kernel is compiled with file capabilities support: Invalid argument
E/art     (12186): prctl(PR_CAPBSET_DROP) failed with EINVAL. Please verify your kernel is compiled with file capabilities support: Invalid argument
E/art     (12186): prctl(PR_CAPBSET_DROP) failed with EINVAL. Please verify your kernel is compiled with file capabilities support: Invalid argument
I/ActivityManager(  455): Start proc com.android.settings:superuser for activity com.android.settings/.cyanogenmod.superuser.RequestActivity: pid=12186 uid=1000 gids={41000, 1028, 1015, 3002, 3001, 3003}
I/ActivityManager(12186): Timeline: Activity_launch_request id:com.android.settings time:1435043
I/ActivityManager(  455): START u0 {flg=0x10800000 cmp=com.android.settings/.cyanogenmod.superuser.MultitaskSuRequestActivity (has extras)} from pid 12186
W/ResourceType(12186): getEntry failing because entryIndex 129 is beyond type entryCount 5
I/Adreno200-EGL(12186): <qeglDrvAPI_eglInitialize:294>: EGL 1.4 QUALCOMM build: AU_LINUX_ANDROID_JB.04.01.01.00.036_msm8960_JB_CL2644550_release_AU (CL2644550)
I/Adreno200-EGL(12186): Build Date: 07/31/12 Tue
I/Adreno200-EGL(12186): Local Branch: 
I/Adreno200-EGL(12186): Remote Branch: quic/master
I/Adreno200-EGL(12186): Local Patches: NONE
I/Adreno200-EGL(12186): Reconstruct Branch: AU_LINUX_ANDROID_JB.04.01.01.00.036 +  NOTHING
D/OpenGLRenderer(12186): Enabling debug mode 0
W/IInputConnectionWrapper(11234): showStatusIcon on inactive InputConnection
I/ActivityManager(12186): Timeline: Activity_idle id: android.os.BinderProxy@64945b60 time:1436021
I/ActivityManager(  455): Displayed com.android.settings/.cyanogenmod.superuser.MultitaskSuRequestActivity: +978ms (total +1s652ms)
I/ActivityManager(  455): Timeline: Activity_windows_visible id: ActivityRecord{65254d18 u0 com.android.settings/.cyanogenmod.superuser.MultitaskSuRequestActivity t28} time:1436043
D/su      (12173): 10097 /system/xbin/su executing 0 /system/bin/sh using binary /system/bin/sh : sh
I/ActivityManager(  455): Delay finish: com.xiam.snapdragon.app/com.xiam.consia.client.receivers.CaptureEventServiceReceiver
I/am      (  687): InputType.TYPE_NULL is specified
W/bh      (  687): Cannot load auto correction threshold setting. currentAutoCorrectionSetting: 0, autoCorrectionThresholdValues: [, 0.185, 0.067, 0]
I/ActivityManager(  455): Resuming delayed broadcast
D/AndroidRuntime(12203): 
D/AndroidRuntime(12203): >>>>>> AndroidRuntime START com.android.internal.os.RuntimeInit <<<<<<
D/AndroidRuntime(12203): CheckJNI is OFF
E/art     (12203): Unrecognized option -XX:mainThreadStackSize=24K
E/art     (12203): Unrecognized option -Xjitcodecachesize:0
W/art     (12203): Ignoring unknown -Xgc option: precise
I/ActivityManager(11234): Timeline: Activity_idle id: android.os.BinderProxy@649addd0 time:1440027
E/cutils-trace(12203): Error opening trace file: No such file or directory (2)
I/ActivityManager(  455): Killing 12143:com.google.android.googlequicksearchbox:search/u0a59 (adj 11): empty #2
W/SurfaceFlinger(   85): couldn't log to binary event log: overflow.
I/ActivityManager(  455): Timeline: Activity_windows_visible id: ActivityRecord{64e26568 u0 jackpal.androidterm/.Term t27} time:1440242
E/memtrack(12203): Couldn't load memtrack module (No such file or directory)
E/android.os.Debug(12203): failed to load memtrack module: -2
W/art     (12203): JNI RegisterNativeMethods: attempt to register 0 native methods for android.content.res.Configuration
D/AndroidRuntime(12203): Calling main entry com.android.commands.am.Am
W/art     (   86): Could not get current activity
E/art     (12218): prctl(PR_CAPBSET_DROP) failed with EINVAL. Please verify your kernel is compiled with file capabilities support: Invalid argument
E/art     (12218): prctl(PR_CAPBSET_DROP) failed with EINVAL. Please verify your kernel is compiled with file capabilities support: Invalid argument
E/art     (12218): prctl(PR_CAPBSET_DROP) failed with EINVAL. Please verify your kernel is compiled with file capabilities support: Invalid argument
E/art     (12218): prctl(PR_CAPBSET_DROP) failed with EINVAL. Please verify your kernel is compiled with file capabilities support: Invalid argument
E/art     (12218): prctl(PR_CAPBSET_DROP) failed with EINVAL. Please verify your kernel is compiled with file capabilities support: Invalid argument
E/art     (12218): prctl(PR_CAPBSET_DROP) failed with EINVAL. Please verify your kernel is compiled with file capabilities support: Invalid argument
E/art     (12218): prctl(PR_CAPBSET_DROP) failed with EINVAL. Please verify your kernel is compiled with file capabilities support: Invalid argument
E/art     (12218): prctl(PR_CAPBSET_DROP) failed with EINVAL. Please verify your kernel is compiled with file capabilities support: Invalid argument
E/art     (12218): prctl(PR_CAPBSET_DROP) failed with EINVAL. Please verify your kernel is compiled with file capabilities support: Invalid argument
E/art     (12218): prctl(PR_CAPBSET_DROP) failed with EINVAL. Please verify your kernel is compiled with file capabilities support: Invalid argument
E/art     (12218): prctl(PR_CAPBSET_DROP) failed with EINVAL. Please verify your kernel is compiled with file capabilities support: Invalid argument
E/art     (12218): prctl(PR_CAPBSET_DROP) failed with EINVAL. Please verify your kernel is compiled with file capabilities support: Invalid argument
E/art     (12218): prctl(PR_CAPBSET_DROP) failed with EINVAL. Please verify your kernel is compiled with file capabilities support: Invalid argument
E/art     (12218): prctl(PR_CAPBSET_DROP) failed with EINVAL. Please verify your kernel is compiled with file capabilities support: Invalid argument
E/art     (12218): prctl(PR_CAPBSET_DROP) failed with EINVAL. Please verify your kernel is compiled with file capabilities support: Invalid argument
E/art     (12218): prctl(PR_CAPBSET_DROP) failed with EINVAL. Please verify your kernel is compiled with file capabilities support: Invalid argument
E/art     (12218): prctl(PR_CAPBSET_DROP) failed with EINVAL. Please verify your kernel is compiled with file capabilities support: Invalid argument
E/art     (12218): prctl(PR_CAPBSET_DROP) failed with EINVAL. Please verify your kernel is compiled with file capabilities support: Invalid argument
E/art     (12218): prctl(PR_CAPBSET_DROP) failed with EINVAL. Please verify your kernel is compiled with file capabilities support: Invalid argument
E/art     (12218): prctl(PR_CAPBSET_DROP) failed with EINVAL. Please verify your kernel is compiled with file capabilities support: Invalid argument
E/art     (12218): prctl(PR_CAPBSET_DROP) failed with EINVAL. Please verify your kernel is compiled with file capabilities support: Invalid argument
E/art     (12218): prctl(PR_CAPBSET_DROP) failed with EINVAL. Please verify your kernel is compiled with file capabilities support: Invalid argument
E/art     (12218): prctl(PR_CAPBSET_DROP) failed with EINVAL. Please verify your kernel is compiled with file capabilities support: Invalid argument
E/art     (12218): prctl(PR_CAPBSET_DROP) failed with EINVAL. Please verify your kernel is compiled with file capabilities support: Invalid argument
E/art     (12218): prctl(PR_CAPBSET_DROP) failed with EINVAL. Please verify your kernel is compiled with file capabilities support: Invalid argument
E/art     (12218): prctl(PR_CAPBSET_DROP) failed with EINVAL. Please verify your kernel is compiled with file capabilities support: Invalid argument
E/art     (12218): prctl(PR_CAPBSET_DROP) failed with EINVAL. Please verify your kernel is compiled with file capabilities support: Invalid argument
E/art     (12218): prctl(PR_CAPBSET_DROP) failed with EINVAL. Please verify your kernel is compiled with file capabilities support: Invalid argument
E/art     (12218): prctl(PR_CAPBSET_DROP) failed with EINVAL. Please verify your kernel is compiled with file capabilities support: Invalid argument
E/art     (12218): prctl(PR_CAPBSET_DROP) failed with EINVAL. Please verify your kernel is compiled with file capabilities support: Invalid argument
E/art     (12218): prctl(PR_CAPBSET_DROP) failed with EINVAL. Please verify your kernel is compiled with file capabilities support: Invalid argument
E/art     (12218): prctl(PR_CAPBSET_DROP) failed with EINVAL. Please verify your kernel is compiled with file capabilities support: Invalid argument
E/art     (12218): prctl(PR_CAPBSET_DROP) failed with EINVAL. Please verify your kernel is compiled with file capabilities support: Invalid argument
E/art     (12218): prctl(PR_CAPBSET_DROP) failed with EINVAL. Please verify your kernel is compiled with file capabilities support: Invalid argument
I/ActivityManager(  455): Start proc com.android.settings for broadcast com.android.settings/.cyanogenmod.superuser.SuReceiver: pid=12218 uid=1000 gids={41000, 1028, 1015, 3002, 3001, 3003}
D/ActivityThread(12218): com.android.settings black listed for hwui
I/ActivityManager(  455): Killing 12186:com.android.settings:superuser/1000 (adj 11): empty #2
D/AndroidRuntime(12203): Shutting down VM
W/InputEventReceiver(11234): Attempted to finish an input event but the input event receiver has already been disposed.
W/InputMethodManagerService(  455): Window already focused, ignoring focus gain of: com.android.internal.view.IInputMethodClient$Stub$Proxy@64d4e5a0 attribute=null, token = android.os.BinderProxy@64ddac68
V/PhoneStatusBar(  535): setLightsOn(true)
W/InputMethodManagerService(  455): Window already focused, ignoring focus gain of: com.android.internal.view.IInputMethodClient$Stub$Proxy@64e64818 attribute=null, token = android.os.BinderProxy@64ddac68
I/ActivityManager(  455): Delay finish: com.xiam.snapdragon.app/com.xiam.consia.client.receivers.CaptureEventServiceReceiver
I/ActivityManager(  455): Resuming delayed broadcast
I/ActivityManager(  455): Delay finish: com.xiam.snapdragon.app/com.xiam.consia.client.receivers.CaptureEventServiceReceiver
I/ActivityManager(  455): Resuming delayed broadcast
I/art     (  687): Heap trim of managed (duration=6.072998ms, advised=92KB) and native (duration=10.192872ms, advised=228KB) heaps. Managed heap utilization of 63%.
I/art     ( 2231): Heap trim of managed (duration=1.617432ms, advised=220KB) and native (duration=3.387451ms, advised=168KB) heaps. Managed heap utilization of 44%.
E/LatinIME(  687): Backspace when we don't know the selection position
I/ActivityManager(  455): Delay finish: com.xiam.snapdragon.app/com.xiam.consia.client.receivers.CaptureEventServiceReceiver
I/ActivityManager(  455): Resuming delayed broadcast
D/AK8973  (   91): Compass Start
D/gps_leo (  455): gps_inject_location() is called
D/gps_leo (  455): latitude=10.825613, longitude=106.719701, accuracy=137.962997
I/GCoreUlr(  889): Successfully inserted location
I/GCoreUlr(  889): Not calling LocationReportingService, hasMoved: false, elapsed millis: 1252958, request: Phone
I/ActivityManager(  455): Delay finish: com.xiam.snapdragon.app/com.xiam.consia.client.receivers.CaptureEventServiceReceiver
I/ActivityManager(  455): Resuming delayed broadcast
I/art     (  889): Heap trim of managed (duration=7.904052ms, advised=164KB) and native (duration=2.441406ms, advised=80KB) heaps. Managed heap utilization of 79%.
D/AK8973  (   91): Compass CLOSE 
E/LatinIME(  687): Backspace when we don't know the selection position
E/LatinIME(  687): Backspace when we don't know the selection position
E/LatinIME(  687): Backspace when we don't know the selection position
D/AK8973  (   91): Compass Start
I/art     (  889): Heap trim of managed (duration=13.214111ms, advised=276KB) and native (duration=3.051757ms, advised=80KB) heaps. Managed heap utilization of 78%.
D/AK8973  (   91): Compass CLOSE 
E/LatinIME(  687): Backspace when we don't know the selection position
E/LatinIME(  687): Backspace when we don't know the selection position
D/AK8973  (   91): Compass Start
I/ActivityManager(  455): Delay finish: com.xiam.snapdragon.app/com.xiam.consia.client.receivers.CaptureEventServiceReceiver
I/ActivityManager(  455): Resuming delayed broadcast
I/art     ( 2231): Heap trim of managed (duration=2.502442ms, advised=240KB) and native (duration=4.089356ms, advised=160KB) heaps. Managed heap utilization of 42%.
I/art     (  889): Heap trim of managed (duration=7.843017ms, advised=240KB) and native (duration=2.380371ms, advised=80KB) heaps. Managed heap utilization of 80%.
D/AK8973  (   91): Compass CLOSE 
D/AK8973  (   91): Compass Start
I/ActivityManager(  455): Delay finish: com.xiam.snapdragon.app/com.xiam.consia.client.receivers.CaptureEventServiceReceiver
I/ActivityManager(  455): Resuming delayed broadcast
I/art     (  889): Heap trim of managed (duration=18.951415ms, advised=168KB) and native (duration=2.410888ms, advised=80KB) heaps. Managed heap utilization of 85%.
D/AK8973  (   91): Compass CLOSE 
I/ActivityManager(  455): Delay finish: com.xiam.snapdragon.app/com.xiam.consia.client.receivers.CaptureEventServiceReceiver
I/ActivityManager(  455): Resuming delayed broadcast
I/ActivityManager(  455): Delay finish: com.xiam.snapdragon.app/com.xiam.consia.client.receivers.CaptureEventServiceReceiver
I/ActivityManager(  455): Resuming delayed broadcast
E/LatinIME(  687): Backspace when we don't know the selection position
E/LatinIME(  687): Backspace when we don't know the selection position
I/art     (11234): GcCauseBackground partial concurrent mark sweep GC freed 14717(907KB) AllocSpace objects, 5(615KB) LOS objects, 32% free, 2MB/3MB, paused 5.249ms total 35.156ms
E/LatinIME(  687): Backspace when we don't know the selection position
I/art     ( 2231): Heap trim of managed (duration=1.678466ms, advised=244KB) and native (duration=3.448487ms, advised=168KB) heaps. Managed heap utilization of 42%.
E/LatinIME(  687): Backspace when we don't know the selection position
I/ActivityManager(  455): Delay finish: com.xiam.snapdragon.app/com.xiam.consia.client.receivers.CaptureEventServiceReceiver
I/ActivityManager(  455): Resuming delayed broadcast
I/art     (  889): Heap trim of managed (duration=6.530762ms, advised=224KB) and native (duration=2.441406ms, advised=80KB) heaps. Managed heap utilization of 68%.
E/LatinIME(  687): Backspace when we don't know the selection position
D/gps_leo (  455): gps_inject_location() is called
D/gps_leo (  455): latitude=10.825622, longitude=106.719759, accuracy=132.675995
I/GCoreUlr(  889): Successfully inserted location
I/GCoreUlr(  889): Not calling LocationReportingService, hasMoved: false, elapsed millis: 1313164, request: Phone
E/LatinIME(  687): Backspace when we don't know the selection position
E/LatinIME(  687): Backspace when we don't know the selection position
E/LatinIME(  687): Backspace when we don't know the selection position
E/LatinIME(  687): Backspace when we don't know the selection position
E/LatinIME(  687): Backspace when we don't know the selection position
E/LatinIME(  687): Backspace when we don't know the selection position
E/LatinIME(  687): Backspace when we don't know the selection position
I/ActivityManager(  455): Delay finish: com.xiam.snapdragon.app/.receivers.OngoingNotificationUpdateReceiver
I/System.out(11154): Caching is: true for entities: class com.xiam.consia.battery.app.data.entities.GlobalRefreshStateEntity
I/System.out(11154): Lazy loaded DAO: com.xiam.consia.battery.app.data.dao.GlobalRefreshStateDao@64be2970 for interface class: class com.xiam.consia.battery.app.data.dao.GlobalRefreshStateDao
I/System.out(11154): Created a new cache for entities from table: GlobalRefreshState, maximumSize: 200, cacheInvalidationTime: 300
V/PhoneStatusBar(  535): setLightsOn(true)
W/InputMethodManagerService(  455): Window already focused, ignoring focus gain of: com.android.internal.view.IInputMethodClient$Stub$Proxy@64ef7240 attribute=null, token = android.os.BinderProxy@64ddac68
W/ActivityManager(  455): Duplicate finish request for ActivityRecord{64e26568 u0 jackpal.androidterm/.Term t27 f}
I/Adreno200-EGL(  771): <qeglDrvAPI_eglInitialize:294>: EGL 1.4 QUALCOMM build: AU_LINUX_ANDROID_JB.04.01.01.00.036_msm8960_JB_CL2644550_release_AU (CL2644550)
I/Adreno200-EGL(  771): Build Date: 07/31/12 Tue
I/Adreno200-EGL(  771): Local Branch: 
I/Adreno200-EGL(  771): Remote Branch: quic/master
I/Adreno200-EGL(  771): Local Patches: NONE
I/Adreno200-EGL(  771): Reconstruct Branch: AU_LINUX_ANDROID_JB.04.01.01.00.036 +  NOTHING
I/ActivityManager(  455): Resuming delayed broadcast
I/ActivityManager(  455): Delay finish: com.xiam.snapdragon.app/com.xiam.consia.client.receivers.CaptureEventServiceReceiver
I/ActivityManager(  455): Resuming delayed broadcast
I/art     (11154): Heap trim of managed (duration=10.589600ms, advised=284KB) and native (duration=2.258301ms, advised=0B) heaps. Managed heap utilization of 70%.
W/IInputConnectionWrapper(11234): showStatusIcon on inactive InputConnection
I/ActivityManager(  771): Timeline: Activity_idle id: android.os.BinderProxy@649097c0 time:1546759
I/ActivityManager(  455): Timeline: Activity_windows_visible id: ActivityRecord{64fc4f20 u0 com.teslacoilsw.launcher/com.android.launcher2.Launcher t1} time:1546788
I/Term    (11234): Subprocess exited: 129
I/ActivityManager(  455): Killing 12218:com.android.settings/1000 (adj 11): empty #2
I/ActivityManager(  771): Timeline: Activity_launch_request id:jackpal.androidterm time:1549046
I/ActivityManager(  455): START u0 {act=android.intent.action.MAIN cat=[android.intent.category.LAUNCHER] flg=0x10200000 cmp=jackpal.androidterm/.Term bnds=[240,400][240,400]} from pid 771
E/Term    (11234): onCreate
V/PhoneStatusBar(  535): setLightsOn(true)
D/Term    (11234): TermService started
I/TermService(11234): Activity called onBind()
I/Term    (11234): Bound to TermService
I/TermService(11234): Activity binding to service
I/am      (  687): InputType.TYPE_NULL is specified
W/bh      (  687): Cannot load auto correction threshold setting. currentAutoCorrectionSetting: 0, autoCorrectionThresholdValues: [, 0.185, 0.067, 0]
I/ActivityManager(  455): Delay finish: com.xiam.snapdragon.app/com.xiam.consia.client.receivers.CaptureEventServiceReceiver
I/art     (  535): Heap trim of managed (duration=7.843017ms, advised=636KB) and native (duration=27.191161ms, advised=20KB) heaps. Managed heap utilization of 60%.
I/Term    (11234): waiting for: 12263
I/ActivityManager(  455): Displayed jackpal.androidterm/.Term: +643ms
I/ActivityManager(  455): Timeline: Activity_windows_visible id: ActivityRecord{65292c30 u0 jackpal.androidterm/.Term t29} time:1549840
I/ActivityManager(  455): Resuming delayed broadcast
I/ActivityManager(11234): Timeline: Activity_idle id: android.os.BinderProxy@64a0f748 time:1549990
D/su      (12273): su invoked.
D/su      (12273): starting daemon client 10097 0
D/su      (12280): su invoked.
D/su      (12280): db allowed
D/su      (12280): 10097 /system/xbin/su executing 0 /system/bin/sh using binary /system/bin/sh : sh
D/AndroidRuntime(12281): 
D/AndroidRuntime(12281): >>>>>> AndroidRuntime START com.android.internal.os.RuntimeInit <<<<<<
D/AndroidRuntime(12281): CheckJNI is OFF
E/art     (12281): Unrecognized option -XX:mainThreadStackSize=24K
E/art     (12281): Unrecognized option -Xjitcodecachesize:0
W/art     (12281): Ignoring unknown -Xgc option: precise
E/memtrack(12281): Couldn't load memtrack module (No such file or directory)
E/android.os.Debug(12281): failed to load memtrack module: -2
W/art     (12281): JNI RegisterNativeMethods: attempt to register 0 native methods for android.content.res.Configuration
D/AndroidRuntime(12281): Calling main entry com.android.commands.am.Am
W/art     (   86): Could not get current activity
E/art     (12295): prctl(PR_CAPBSET_DROP) failed with EINVAL. Please verify your kernel is compiled with file capabilities support: Invalid argument
E/art     (12295): prctl(PR_CAPBSET_DROP) failed with EINVAL. Please verify your kernel is compiled with file capabilities support: Invalid argument
E/art     (12295): prctl(PR_CAPBSET_DROP) failed with EINVAL. Please verify your kernel is compiled with file capabilities support: Invalid argument
E/art     (12295): prctl(PR_CAPBSET_DROP) failed with EINVAL. Please verify your kernel is compiled with file capabilities support: Invalid argument
E/art     (12295): prctl(PR_CAPBSET_DROP) failed with EINVAL. Please verify your kernel is compiled with file capabilities support: Invalid argument
E/art     (12295): prctl(PR_CAPBSET_DROP) failed with EINVAL. Please verify your kernel is compiled with file capabilities support: Invalid argument
E/art     (12295): prctl(PR_CAPBSET_DROP) failed with EINVAL. Please verify your kernel is compiled with file capabilities support: Invalid argument
E/art     (12295): prctl(PR_CAPBSET_DROP) failed with EINVAL. Please verify your kernel is compiled with file capabilities support: Invalid argument
E/art     (12295): prctl(PR_CAPBSET_DROP) failed with EINVAL. Please verify your kernel is compiled with file capabilities support: Invalid argument
E/art     (12295): prctl(PR_CAPBSET_DROP) failed with EINVAL. Please verify your kernel is compiled with file capabilities support: Invalid argument
E/art     (12295): prctl(PR_CAPBSET_DROP) failed with EINVAL. Please verify your kernel is compiled with file capabilities support: Invalid argument
E/art     (12295): prctl(PR_CAPBSET_DROP) failed with EINVAL. Please verify your kernel is compiled with file capabilities support: Invalid argument
E/art     (12295): prctl(PR_CAPBSET_DROP) failed with EINVAL. Please verify your kernel is compiled with file capabilities support: Invalid argument
E/art     (12295): prctl(PR_CAPBSET_DROP) failed with EINVAL. Please verify your kernel is compiled with file capabilities support: Invalid argument
E/art     (12295): prctl(PR_CAPBSET_DROP) failed with EINVAL. Please verify your kernel is compiled with file capabilities support: Invalid argument
E/art     (12295): prctl(PR_CAPBSET_DROP) failed with EINVAL. Please verify your kernel is compiled with file capabilities support: Invalid argument
E/art     (12295): prctl(PR_CAPBSET_DROP) failed with EINVAL. Please verify your kernel is compiled with file capabilities support: Invalid argument
E/art     (12295): prctl(PR_CAPBSET_DROP) failed with EINVAL. Please verify your kernel is compiled with file capabilities support: Invalid argument
E/art     (12295): prctl(PR_CAPBSET_DROP) failed with EINVAL. Please verify your kernel is compiled with file capabilities support: Invalid argument
E/art     (12295): prctl(PR_CAPBSET_DROP) failed with EINVAL. Please verify your kernel is compiled with file capabilities support: Invalid argument
E/art     (12295): prctl(PR_CAPBSET_DROP) failed with EINVAL. Please verify your kernel is compiled with file capabilities support: Invalid argument
E/art     (12295): prctl(PR_CAPBSET_DROP) failed with EINVAL. Please verify your kernel is compiled with file capabilities support: Invalid argument
E/art     (12295): prctl(PR_CAPBSET_DROP) failed with EINVAL. Please verify your kernel is compiled with file capabilities support: Invalid argument
E/art     (12295): prctl(PR_CAPBSET_DROP) failed with EINVAL. Please verify your kernel is compiled with file capabilities support: Invalid argument
E/art     (12295): prctl(PR_CAPBSET_DROP) failed with EINVAL. Please verify your kernel is compiled with file capabilities support: Invalid argument
E/art     (12295): prctl(PR_CAPBSET_DROP) failed with EINVAL. Please verify your kernel is compiled with file capabilities support: Invalid argument
E/art     (12295): prctl(PR_CAPBSET_DROP) failed with EINVAL. Please verify your kernel is compiled with file capabilities support: Invalid argument
E/art     (12295): prctl(PR_CAPBSET_DROP) failed with EINVAL. Please verify your kernel is compiled with file capabilities support: Invalid argument
E/art     (12295): prctl(PR_CAPBSET_DROP) failed with EINVAL. Please verify your kernel is compiled with file capabilities support: Invalid argument
E/art     (12295): prctl(PR_CAPBSET_DROP) failed with EINVAL. Please verify your kernel is compiled with file capabilities support: Invalid argument
E/art     (12295): prctl(PR_CAPBSET_DROP) failed with EINVAL. Please verify your kernel is compiled with file capabilities support: Invalid argument
E/art     (12295): prctl(PR_CAPBSET_DROP) failed with EINVAL. Please verify your kernel is compiled with file capabilities support: Invalid argument
E/art     (12295): prctl(PR_CAPBSET_DROP) failed with EINVAL. Please verify your kernel is compiled with file capabilities support: Invalid argument
E/art     (12295): prctl(PR_CAPBSET_DROP) failed with EINVAL. Please verify your kernel is compiled with file capabilities support: Invalid argument
I/ActivityManager(  455): Start proc com.android.settings for broadcast com.android.settings/.cyanogenmod.superuser.SuReceiver: pid=12295 uid=1000 gids={41000, 1028, 1015, 3002, 3001, 3003}
D/ActivityThread(12295): com.android.settings black listed for hwui
E/cutils-trace(12281): Error opening trace file: No such file or directory (2)
D/AndroidRuntime(12281): Shutting down VM
I/ActivityManager(  455): Delay finish: com.xiam.snapdragon.app/com.xiam.consia.client.receivers.CaptureEventServiceReceiver
I/ActivityManager(  455): Resuming delayed broadcast
I/art     ( 2231): Heap trim of managed (duration=1.831054ms, advised=236KB) and native (duration=4.699707ms, advised=200KB) heaps. Managed heap utilization of 42%.
I/art     (  455): Heap trim of managed (duration=36.468506ms, advised=1004KB) and native (duration=4.150391ms, advised=444KB) heaps. Managed heap utilization of 81%.
I/ActivityManager(  455): Delay finish: com.xiam.snapdragon.app/com.xiam.consia.client.receivers.CaptureEventServiceReceiver
I/ActivityManager(  455): Resuming delayed broadcast
E/LatinIME(  687): Backspace when we don't know the selection position
E/LatinIME(  687): Backspace when we don't know the selection position
I/ActivityManager(  455): Delay finish: com.xiam.snapdragon.app/com.xiam.consia.client.receivers.CaptureEventServiceReceiver
I/ActivityManager(  455): Resuming delayed broadcast
I/ActivityManager(  455): START u0 {act=android.intent.action.MAIN cat=[android.intent.category.HOME] flg=0x10200000 cmp=com.teslacoilsw.launcher/com.android.launcher2.Launcher} from pid 455
I/art     (  455): Heap trim of managed (duration=63.568119ms, advised=1040KB) and native (duration=42.114261ms, advised=472KB) heaps. Managed heap utilization of 78%.
I/art     (11234): GcCauseBackground partial concurrent mark sweep GC freed 13206(817KB) AllocSpace objects, 6(632KB) LOS objects, 35% free, 2MB/3MB, paused 29.998ms total 94.543ms
I/Adreno200-EGL(  771): <qeglDrvAPI_eglInitialize:294>: EGL 1.4 QUALCOMM build: AU_LINUX_ANDROID_JB.04.01.01.00.036_msm8960_JB_CL2644550_release_AU (CL2644550)
I/Adreno200-EGL(  771): Build Date: 07/31/12 Tue
I/Adreno200-EGL(  771): Local Branch: 
I/Adreno200-EGL(  771): Remote Branch: quic/master
I/Adreno200-EGL(  771): Local Patches: NONE
I/Adreno200-EGL(  771): Reconstruct Branch: AU_LINUX_ANDROID_JB.04.01.01.00.036 +  NOTHING
I/ActivityManager(  771): Timeline: Activity_idle id: android.os.BinderProxy@649097c0 time:1582892
W/IInputConnectionWrapper(11234): showStatusIcon on inactive InputConnection
I/ActivityManager(  455): Timeline: Activity_windows_visible id: ActivityRecord{64fc4f20 u0 com.teslacoilsw.launcher/com.android.launcher2.Launcher t1} time:1582923
V/PanelView(  535): animationTick called with dtms=0; nothing to do (h=158.81732 v=753.53296)
V/PanelView(  535): animationTick called with dtms=-7; nothing to do (h=158.81732 v=753.53296)
I/ActivityManager(  455): START u0 {flg=0x10000000 cmp=jackpal.androidterm/.Term bnds=[0,158][480,246]} from pid -1
V/PanelView(  535): animationTick called with dtms=0; nothing to do (h=767.0 v=-2750.0)
I/am      (  687): InputType.TYPE_NULL is specified
W/bh      (  687): Cannot load auto correction threshold setting. currentAutoCorrectionSetting: 0, autoCorrectionThresholdValues: [, 0.185, 0.067, 0]
I/ActivityManager(11234): Timeline: Activity_idle id: android.os.BinderProxy@64a0f748 time:1586476
I/ActivityManager(  455): Timeline: Activity_windows_visible id: ActivityRecord{65292c30 u0 jackpal.androidterm/.Term t29} time:1586581
V/PhoneStatusBar(  535): setLightsOn(true)
W/InputMethodManagerService(  455): Window already focused, ignoring focus gain of: com.android.internal.view.IInputMethodClient$Stub$Proxy@64e703d0 attribute=null, token = android.os.BinderProxy@653cbad8
W/ActivityManager(  455): Duplicate finish request for ActivityRecord{65292c30 u0 jackpal.androidterm/.Term t29 f}
I/Adreno200-EGL(  771): <qeglDrvAPI_eglInitialize:294>: EGL 1.4 QUALCOMM build: AU_LINUX_ANDROID_JB.04.01.01.00.036_msm8960_JB_CL2644550_release_AU (CL2644550)
I/Adreno200-EGL(  771): Build Date: 07/31/12 Tue
I/Adreno200-EGL(  771): Local Branch: 
I/Adreno200-EGL(  771): Remote Branch: quic/master
I/Adreno200-EGL(  771): Local Patches: NONE
I/Adreno200-EGL(  771): Reconstruct Branch: AU_LINUX_ANDROID_JB.04.01.01.00.036 +  NOTHING
W/IInputConnectionWrapper(11234): showStatusIcon on inactive InputConnection
I/ActivityManager(  455): Timeline: Activity_windows_visible id: ActivityRecord{64fc4f20 u0 com.teslacoilsw.launcher/com.android.launcher2.Launcher t1} time:1590755
I/art     (  535): Heap trim of managed (duration=10.955811ms, advised=528KB) and native (duration=3.692626ms, advised=36KB) heaps. Managed heap utilization of 64%.
I/ActivityManager(  771): Timeline: Activity_idle id: android.os.BinderProxy@649097c0 time:1590924
I/Term    (11234): Subprocess exited: 129
I/ActivityManager(  455): Killing 12295:com.android.settings/1000 (adj 11): empty #2
I/ActivityManager(  771): Timeline: Activity_launch_request id:com.estrongs.android.pop time:1593365
I/ActivityManager(  455): START u0 {act=android.intent.action.MAIN cat=[android.intent.category.LAUNCHER] flg=0x10200000 cmp=com.estrongs.android.pop/.view.FileExplorerActivity bnds=[240,400][240,400]} from pid 771
W/art     (   86): Could not get current activity
E/art     (12325): prctl(PR_CAPBSET_DROP) failed with EINVAL. Please verify your kernel is compiled with file capabilities support: Invalid argument
E/art     (12325): prctl(PR_CAPBSET_DROP) failed with EINVAL. Please verify your kernel is compiled with file capabilities support: Invalid argument
E/art     (12325): prctl(PR_CAPBSET_DROP) failed with EINVAL. Please verify your kernel is compiled with file capabilities support: Invalid argument
E/art     (12325): prctl(PR_CAPBSET_DROP) failed with EINVAL. Please verify your kernel is compiled with file capabilities support: Invalid argument
E/art     (12325): prctl(PR_CAPBSET_DROP) failed with EINVAL. Please verify your kernel is compiled with file capabilities support: Invalid argument
E/art     (12325): prctl(PR_CAPBSET_DROP) failed with EINVAL. Please verify your kernel is compiled with file capabilities support: Invalid argument
E/art     (12325): prctl(PR_CAPBSET_DROP) failed with EINVAL. Please verify your kernel is compiled with file capabilities support: Invalid argument
E/art     (12325): prctl(PR_CAPBSET_DROP) failed with EINVAL. Please verify your kernel is compiled with file capabilities support: Invalid argument
E/art     (12325): prctl(PR_CAPBSET_DROP) failed with EINVAL. Please verify your kernel is compiled with file capabilities support: Invalid argument
E/art     (12325): prctl(PR_CAPBSET_DROP) failed with EINVAL. Please verify your kernel is compiled with file capabilities support: Invalid argument
E/art     (12325): prctl(PR_CAPBSET_DROP) failed with EINVAL. Please verify your kernel is compiled with file capabilities support: Invalid argument
E/art     (12325): prctl(PR_CAPBSET_DROP) failed with EINVAL. Please verify your kernel is compiled with file capabilities support: Invalid argument
E/art     (12325): prctl(PR_CAPBSET_DROP) failed with EINVAL. Please verify your kernel is compiled with file capabilities support: Invalid argument
E/art     (12325): prctl(PR_CAPBSET_DROP) failed with EINVAL. Please verify your kernel is compiled with file capabilities support: Invalid argument
E/art     (12325): prctl(PR_CAPBSET_DROP) failed with EINVAL. Please verify your kernel is compiled with file capabilities support: Invalid argument
E/art     (12325): prctl(PR_CAPBSET_DROP) failed with EINVAL. Please verify your kernel is compiled with file capabilities support: Invalid argument
E/art     (12325): prctl(PR_CAPBSET_DROP) failed with EINVAL. Please verify your kernel is compiled with file capabilities support: Invalid argument
E/art     (12325): prctl(PR_CAPBSET_DROP) failed with EINVAL. Please verify your kernel is compiled with file capabilities support: Invalid argument
E/art     (12325): prctl(PR_CAPBSET_DROP) failed with EINVAL. Please verify your kernel is compiled with file capabilities support: Invalid argument
E/art     (12325): prctl(PR_CAPBSET_DROP) failed with EINVAL. Please verify your kernel is compiled with file capabilities support: Invalid argument
E/art     (12325): prctl(PR_CAPBSET_DROP) failed with EINVAL. Please verify your kernel is compiled with file capabilities support: Invalid argument
E/art     (12325): prctl(PR_CAPBSET_DROP) failed with EINVAL. Please verify your kernel is compiled with file capabilities support: Invalid argument
E/art     (12325): prctl(PR_CAPBSET_DROP) failed with EINVAL. Please verify your kernel is compiled with file capabilities support: Invalid argument
E/art     (12325): prctl(PR_CAPBSET_DROP) failed with EINVAL. Please verify your kernel is compiled with file capabilities support: Invalid argument
E/art     (12325): prctl(PR_CAPBSET_DROP) failed with EINVAL. Please verify your kernel is compiled with file capabilities support: Invalid argument
E/art     (12325): prctl(PR_CAPBSET_DROP) failed with EINVAL. Please verify your kernel is compiled with file capabilities support: Invalid argument
E/art     (12325): prctl(PR_CAPBSET_DROP) failed with EINVAL. Please verify your kernel is compiled with file capabilities support: Invalid argument
E/art     (12325): prctl(PR_CAPBSET_DROP) failed with EINVAL. Please verify your kernel is compiled with file capabilities support: Invalid argument
E/art     (12325): prctl(PR_CAPBSET_DROP) failed with EINVAL. Please verify your kernel is compiled with file capabilities support: Invalid argument
E/art     (12325): prctl(PR_CAPBSET_DROP) failed with EINVAL. Please verify your kernel is compiled with file capabilities support: Invalid argument
E/art     (12325): prctl(PR_CAPBSET_DROP) failed with EINVAL. Please verify your kernel is compiled with file capabilities support: Invalid argument
E/art     (12325): prctl(PR_CAPBSET_DROP) failed with EINVAL. Please verify your kernel is compiled with file capabilities support: Invalid argument
E/art     (12325): prctl(PR_CAPBSET_DROP) failed with EINVAL. Please verify your kernel is compiled with file capabilities support: Invalid argument
E/art     (12325): prctl(PR_CAPBSET_DROP) failed with EINVAL. Please verify your kernel is compiled with file capabilities support: Invalid argument
I/ActivityManager(  455): Start proc com.estrongs.android.pop for activity com.estrongs.android.pop/.view.FileExplorerActivity: pid=12325 uid=10067 gids={50067, 3003, 3002, 3001, 1028, 1015}
I/art     ( 2231): Heap trim of managed (duration=1.586914ms, advised=248KB) and native (duration=6.256103ms, advised=168KB) heaps. Managed heap utilization of 43%.
W/System.err(12325): java.lang.NoSuchMethodException: setCompatibilityInfo [class android.content.res.CompatibilityInfo$1]
W/System.err(12325): 	at java.lang.Class.getMethod(Class.java:661)
W/System.err(12325): 	at java.lang.Class.getMethod(Class.java:640)
W/System.err(12325): 	at com.estrongs.android.util.aj.a(Unknown Source)
W/System.err(12325): 	at com.estrongs.android.util.aj.a(Unknown Source)
W/System.err(12325): 	at com.estrongs.android.pop.esclasses.i.<init>(Unknown Source)
W/System.err(12325): 	at com.estrongs.android.pop.esclasses.i.a(Unknown Source)
W/System.err(12325): 	at com.estrongs.android.pop.FexApplication.getResources(Unknown Source)
W/System.err(12325): 	at com.estrongs.android.ui.d.a.a(Unknown Source)
W/System.err(12325): 	at com.estrongs.android.pop.FexApplication.onCreate(Unknown Source)
W/System.err(12325): 	at android.app.Instrumentation.callApplicationOnCreate(Instrumentation.java:1007)
W/System.err(12325): 	at android.app.ActivityThread.handleBindApplication(ActivityThread.java:4443)
W/System.err(12325): 	at android.app.ActivityThread.access$1500(ActivityThread.java:145)
W/System.err(12325): 	at android.app.ActivityThread$H.handleMessage(ActivityThread.java:1266)
W/System.err(12325): 	at android.os.Handler.dispatchMessage(Handler.java:102)
W/System.err(12325): 	at android.os.Looper.loop(Looper.java:136)
W/System.err(12325): 	at android.app.ActivityThread.main(ActivityThread.java:5116)
W/System.err(12325): 	at java.lang.reflect.Method.invoke(Native Method)
W/System.err(12325): 	at com.android.internal.os.ZygoteInit$MethodAndArgsCaller.run(ZygoteInit.java:781)
W/System.err(12325): 	at com.android.internal.os.ZygoteInit.main(ZygoteInit.java:597)
E/ObjectHelper(12325): Can't find method:setCompatibilityInfo
D/BluetoothManagerService(  455): Message: 20
D/BluetoothManagerService(  455): Added callback: android.bluetooth.IBluetoothManagerCallback$Stub$Proxy@64d4aab8:true
W/ResourceType(12325): No package identifier when getting value for resource number 0x00000000
W/ResourceType(12325): No package identifier when getting value for resource number 0x00000000
W/ResourceType(12325): No package identifier when getting value for resource number 0x00000000
W/ResourceType(12325): No package identifier when getting value for resource number 0x00000000
W/ResourceType(12325): No package identifier when getting value for resource number 0x00000000
W/ResourceType(12325): No package identifier when getting value for resource number 0x00000000
I/ActivityManager(  455): Delay finish: com.xiam.snapdragon.app/.receivers.AppWidgetToggleReceiver
I/art     (12325): GcCauseBackground partial concurrent mark sweep GC freed 9094(642KB) AllocSpace objects, 4(64KB) LOS objects, 24% free, 2MB/3MB, paused 10.253ms total 65.795ms
I/ActivityManager(  455): Resuming delayed broadcast
I/ActivityManager(  455): Delay finish: com.xiam.snapdragon.app/com.xiam.consia.client.receivers.CaptureEventServiceReceiver
I/Adreno200-EGL(12325): <qeglDrvAPI_eglInitialize:294>: EGL 1.4 QUALCOMM build: AU_LINUX_ANDROID_JB.04.01.01.00.036_msm8960_JB_CL2644550_release_AU (CL2644550)
I/Adreno200-EGL(12325): Build Date: 07/31/12 Tue
I/Adreno200-EGL(12325): Local Branch: 
I/Adreno200-EGL(12325): Remote Branch: quic/master
I/Adreno200-EGL(12325): Local Patches: NONE
I/Adreno200-EGL(12325): Reconstruct Branch: AU_LINUX_ANDROID_JB.04.01.01.00.036 +  NOTHING
D/OpenGLRenderer(12325): Enabling debug mode 0
I/ActivityManager(  455): Resuming delayed broadcast
I/ActivityManager(  455): Displayed com.estrongs.android.pop/.view.FileExplorerActivity: +3s103ms
I/ActivityManager(  455): Timeline: Activity_windows_visible id: ActivityRecord{64a26510 u0 com.estrongs.android.pop/.view.FileExplorerActivity t30} time:1596537
W/ResourceType(12325): No package identifier when getting value for resource number 0x00000000
W/ResourceType(12325): No package identifier when getting value for resource number 0x00000000
W/ResourceType(12325): No package identifier when getting value for resource number 0x00000000
W/ResourceType(12325): No package identifier when getting value for resource number 0x00000000
W/ResourceType(12325): No package identifier when getting value for resource number 0x00000000
W/ResourceType(12325): No package identifier when getting value for resource number 0x00000000
W/ResourceType(12325): No package identifier when getting value for resource number 0x00000000
W/ResourceType(12325): No package identifier when getting value for resource number 0x00000000
W/ResourceType(12325): No package identifier when getting value for resource number 0x00000000
W/ResourceType(12325): No package identifier when getting value for resource number 0x00000000
W/ResourceType(12325): No package identifier when getting value for resource number 0x00000000
W/ResourceType(12325): No package identifier when getting value for resource number 0x00000000
W/ResourceType(12325): No package identifier when getting value for resource number 0x00000000
W/ResourceType(12325): No package identifier when getting value for resource number 0x00000000
W/art     (   86): Could not get current activity
W/ResourceType(12325): No package identifier when getting value for resource number 0x00000000
E/art     (12351): prctl(PR_CAPBSET_DROP) failed with EINVAL. Please verify your kernel is compiled with file capabilities support: Invalid argument
E/art     (12351): prctl(PR_CAPBSET_DROP) failed with EINVAL. Please verify your kernel is compiled with file capabilities support: Invalid argument
E/art     (12351): prctl(PR_CAPBSET_DROP) failed with EINVAL. Please verify your kernel is compiled with file capabilities support: Invalid argument
E/art     (12351): prctl(PR_CAPBSET_DROP) failed with EINVAL. Please verify your kernel is compiled with file capabilities support: Invalid argument
E/art     (12351): prctl(PR_CAPBSET_DROP) failed with EINVAL. Please verify your kernel is compiled with file capabilities support: Invalid argument
E/art     (12351): prctl(PR_CAPBSET_DROP) failed with EINVAL. Please verify your kernel is compiled with file capabilities support: Invalid argument
E/art     (12351): prctl(PR_CAPBSET_DROP) failed with EINVAL. Please verify your kernel is compiled with file capabilities support: Invalid argument
E/art     (12351): prctl(PR_CAPBSET_DROP) failed with EINVAL. Please verify your kernel is compiled with file capabilities support: Invalid argument
E/art     (12351): prctl(PR_CAPBSET_DROP) failed with EINVAL. Please verify your kernel is compiled with file capabilities support: Invalid argument
E/art     (12351): prctl(PR_CAPBSET_DROP) failed with EINVAL. Please verify your kernel is compiled with file capabilities support: Invalid argument
E/art     (12351): prctl(PR_CAPBSET_DROP) failed with EINVAL. Please verify your kernel is compiled with file capabilities support: Invalid argument
E/art     (12351): prctl(PR_CAPBSET_DROP) failed with EINVAL. Please verify your kernel is compiled with file capabilities support: Invalid argument
E/art     (12351): prctl(PR_CAPBSET_DROP) failed with EINVAL. Please verify your kernel is compiled with file capabilities support: Invalid argument
E/art     (12351): prctl(PR_CAPBSET_DROP) failed with EINVAL. Please verify your kernel is compiled with file capabilities support: Invalid argument
E/art     (12351): prctl(PR_CAPBSET_DROP) failed with EINVAL. Please verify your kernel is compiled with file capabilities support: Invalid argument
E/art     (12351): prctl(PR_CAPBSET_DROP) failed with EINVAL. Please verify your kernel is compiled with file capabilities support: Invalid argument
